CRAN Package Check Results for Package gadget2

Last updated on 2022-11-26 23:00:05 CET.

Flavor Version Tinstall Tcheck Ttotal Status Flags
r-devel-linux-x86_64-debian-clang 2.3.9 226.19 21.69 247.88 OK
r-devel-linux-x86_64-debian-gcc 2.3.9 174.98 17.15 192.13 OK
r-devel-linux-x86_64-fedora-clang 2.3.9 627.94 OK
r-devel-linux-x86_64-fedora-gcc 2.3.9 329.77 OK
r-devel-windows-x86_64 2.3.9 270.00 54.00 324.00 OK
r-patched-linux-x86_64 2.3.9 OK
r-release-linux-x86_64 2.3.9 185.95 21.15 207.10 OK
r-release-macos-arm64 2.3.9 126.00 OK
r-release-macos-x86_64 2.3.9 132.00 OK
r-release-windows-x86_64 2.3.9 302.00 55.00 357.00 OK
r-oldrel-macos-arm64 2.3.9 113.00 OK
r-oldrel-macos-x86_64 2.3.9 132.00 OK
r-oldrel-windows-ix86+x86_64 2.3.9 595.00 45.00 640.00 NOTE

Check Details

Version: 2.3.9
Check: installed package size
Result: NOTE
     installed size is 8.2Mb
     sub-directories of 1Mb or more:
     bin 8.2Mb
Flavor: r-oldrel-windows-ix86+x86_64