CRAN Package Check Results for Package gWidgets2RGtk2

Last updated on 2019-06-18 22:01:47 CEST.

Flavor Version Tinstall Tcheck Ttotal Status Flags
r-devel-linux-x86_64-debian-clang 1.0-7 18.40 105.67 124.07 OK
r-devel-linux-x86_64-debian-gcc 1.0-7 18.41 81.61 100.02 OK
r-devel-linux-x86_64-fedora-clang 1.0-7 144.88 OK
r-devel-linux-x86_64-fedora-gcc 1.0-7 142.70 OK
r-devel-windows-ix86+x86_64 1.0-7 39.00 114.00 153.00 OK
r-patched-linux-x86_64 1.0-7 22.75 105.13 127.88 OK
r-patched-solaris-x86 1.0-7 214.70 OK
r-release-linux-x86_64 1.0-7 19.22 105.54 124.76 OK
r-release-windows-ix86+x86_64 1.0-7 41.00 109.00 150.00 OK
r-release-osx-x86_64 1.0-7 ERROR
r-oldrel-windows-ix86+x86_64 1.0-7 51.00 124.00 175.00 OK
r-oldrel-osx-x86_64 1.0-7 ERROR

Check Details

Version: 1.0-7
Check: tests
Result: ERROR
     Running ‘run-tests.R’ [3s/14s]
    Running the tests in ‘tests/run-tests.R’ failed.
    Last 13 lines of output:
     4: initialize(value, ...)
     5: initialize(value, ...)
     6: methods::new(def, ...)
     7: GSlider$new(toolkit, from, to, by, value, horizontal, handler, action, container, ...)
     8: .gslider.guiWidgetsToolkitRGtk2(toolkit, from, to, by, value, horizontal, handler, action, container = container, ...)
     9: .gslider(toolkit, from, to, by, value, horizontal, handler, action, container = container, ...)
     10: gslider(from = 0, to = 100, by = 1, cont = g)
     11: eval(ei, envir)
     12: eval(ei, envir)
     13: withVisible(eval(ei, envir))
     14: source(i)
     15: FUN(X[[i]], ...)
     16: lapply(X = X, FUN = FUN, ...)
     17: sapply(f, function(i) { message("testing ", i) source(i)})
     An irrecoverable exception occurred. R is aborting now ...
Flavor: r-release-osx-x86_64

Version: 1.0-7
Check: tests
Result: ERROR
     Running ‘run-tests.R’ [4s/13s]
    Running the tests in ‘tests/run-tests.R’ failed.
    Last 13 lines of output:
     4: initialize(value, ...)
     5: initialize(value, ...)
     6: methods::new(def, ...)
     7: GSlider$new(toolkit, from, to, by, value, horizontal, handler, action, container, ...)
     8: .gslider.guiWidgetsToolkitRGtk2(toolkit, from, to, by, value, horizontal, handler, action, container = container, ...)
     9: .gslider(toolkit, from, to, by, value, horizontal, handler, action, container = container, ...)
     10: gslider(from = 0, to = 100, by = 1, cont = g)
     11: eval(ei, envir)
     12: eval(ei, envir)
     13: withVisible(eval(ei, envir))
     14: source(i)
     15: FUN(X[[i]], ...)
     16: lapply(X = X, FUN = FUN, ...)
     17: sapply(f, function(i) { message("testing ", i) source(i)})
     An irrecoverable exception occurred. R is aborting now ...
Flavor: r-oldrel-osx-x86_64