CRAN Package Check Results for Package gWQS

Last updated on 2019-09-22 17:49:15 CEST.

Flavor Version Tinstall Tcheck Ttotal Status Flags
r-devel-linux-x86_64-debian-clang 2.0.0 8.01 203.83 211.84 OK
r-devel-linux-x86_64-debian-gcc 2.0.0 6.79 152.07 158.86 OK
r-devel-linux-x86_64-fedora-clang 2.0.0 236.42 NOTE
r-devel-linux-x86_64-fedora-gcc 2.0.0 235.35 NOTE
r-devel-windows-ix86+x86_64 2.0.0 49.00 291.00 340.00 OK
r-patched-linux-x86_64 2.0.0 8.16 195.96 204.12 OK
r-patched-solaris-x86 2.0.0 349.10 NOTE
r-release-linux-x86_64 2.0.0 6.41 197.60 204.01 OK
r-release-windows-ix86+x86_64 2.0.0 19.00 206.00 225.00 OK
r-release-osx-x86_64 2.0.0 NOTE
r-oldrel-windows-ix86+x86_64 2.0.0 10.00 200.00 210.00 OK
r-oldrel-osx-x86_64 2.0.0 NOTE

Check Details

Version: 2.0.0
Check: dependencies in R code
Result: NOTE
    Namespace in Imports field not imported from: ‘dplyr’
     All declared Imports should be used.
Flavors: r-devel-linux-x86_64-fedora-clang, r-devel-linux-x86_64-fedora-gcc, r-patched-solaris-x86, r-release-osx-x86_64, r-oldrel-osx-x86_64