CRAN Package Check Results for Package gWQS

Last updated on 2020-02-22 17:47:27 CET.

Flavor Version Tinstall Tcheck Ttotal Status Flags
r-devel-linux-x86_64-debian-clang 2.0.0 8.13 159.17 167.30 WARN
r-devel-linux-x86_64-debian-gcc 2.0.0 6.88 165.40 172.28 OK
r-devel-linux-x86_64-fedora-clang 2.0.0 263.02 NOTE
r-devel-linux-x86_64-fedora-gcc 2.0.0 261.86 NOTE
r-devel-windows-ix86+x86_64 2.0.0 27.00 207.00 234.00 OK
r-devel-windows-ix86+x86_64-gcc8 2.0.0 41.00 291.00 332.00 OK
r-patched-linux-x86_64 2.0.0 OK
r-patched-solaris-x86 2.0.0 344.70 NOTE
r-release-linux-x86_64 2.0.0 7.39 198.30 205.69 OK
r-release-windows-ix86+x86_64 2.0.0 20.00 222.00 242.00 OK
r-release-osx-x86_64 2.0.0 NOTE
r-oldrel-windows-ix86+x86_64 2.0.0 11.00 220.00 231.00 OK
r-oldrel-osx-x86_64 2.0.0 NOTE

Check Details

Version: 2.0.0
Check: re-building of vignette outputs
Result: WARN
    Error(s) in re-building vignettes:
     ...
    --- re-building 'gwqs-vignette.Rnw' using Sweave
    Welcome to Weighted Quantile Sum (WQS) Regression.
    If you are using a Mac you have to install XQuartz.
    You can download it from: https://www.xquartz.org/
    
    Loading required package: stats4
    Loading required package: splines
    
    Error: processing vignette 'gwqs-vignette.Rnw' failed with diagnostics:
     chunk 11 (label = multinom_reg)
    Error : Must request at least one colour from a hue palette.
    
    --- failed re-building 'gwqs-vignette.Rnw'
    
    SUMMARY: processing the following file failed:
     'gwqs-vignette.Rnw'
    
    Error: Vignette re-building failed.
    Execution halted
Flavor: r-devel-linux-x86_64-debian-clang

Version: 2.0.0
Check: dependencies in R code
Result: NOTE
    Namespace in Imports field not imported from: ‘dplyr’
     All declared Imports should be used.
Flavors: r-devel-linux-x86_64-fedora-clang, r-devel-linux-x86_64-fedora-gcc, r-patched-solaris-x86, r-release-osx-x86_64, r-oldrel-osx-x86_64