CRAN Package Check Results for Package gMOIP

Last updated on 2019-09-15 08:47:18 CEST.

Flavor Version Tinstall Tcheck Ttotal Status Flags
r-devel-linux-x86_64-debian-clang 1.3.0 6.84 225.95 232.79 OK
r-devel-linux-x86_64-debian-gcc 1.3.0 4.92 164.40 169.32 OK
r-devel-linux-x86_64-fedora-clang 1.3.0 272.71 OK
r-devel-linux-x86_64-fedora-gcc 1.3.0 274.67 OK
r-devel-windows-ix86+x86_64 1.3.0 30.00 291.00 321.00 OK
r-patched-linux-x86_64 1.3.0 5.75 221.25 227.00 OK
r-patched-solaris-x86 1.3.0 282.00 OK
r-release-linux-x86_64 1.3.0 6.21 219.81 226.02 OK
r-release-windows-ix86+x86_64 1.3.0 19.00 212.00 231.00 OK
r-release-osx-x86_64 1.3.0 WARN
r-oldrel-windows-ix86+x86_64 1.3.0 12.00 201.00 213.00 OK
r-oldrel-osx-x86_64 1.3.0 WARN

Check Details

Version: 1.3.0
Check: whether package can be installed
Result: WARN
    Found the following significant warnings:
     Warning: 'rgl_init' failed, running with rgl.useNULL = TRUE
Flavors: r-release-osx-x86_64, r-oldrel-osx-x86_64

Version: 1.3.0
Check: dependencies in R code
Result: NOTE
    No protocol specified
Flavors: r-release-osx-x86_64, r-oldrel-osx-x86_64

Version: 1.3.0
Check: S3 generic/method consistency
Result: WARN
    No protocol specified
    See section ‘Generic functions and methods’ in the ‘Writing R
    Extensions’ manual.
Flavors: r-release-osx-x86_64, r-oldrel-osx-x86_64

Version: 1.3.0
Check: replacement functions
Result: WARN
    No protocol specified
    The argument of a replacement function which corresponds to the right
    hand side must be named ‘value’.
Flavors: r-release-osx-x86_64, r-oldrel-osx-x86_64

Version: 1.3.0
Check: foreign function calls
Result: NOTE
    No protocol specified
    See chapter ‘System and foreign language interfaces’ in the ‘Writing R
    Extensions’ manual.
Flavors: r-release-osx-x86_64, r-oldrel-osx-x86_64

Version: 1.3.0
Check: R code for possible problems
Result: NOTE
    No protocol specified
Flavors: r-release-osx-x86_64, r-oldrel-osx-x86_64

Version: 1.3.0
Check: for missing documentation entries
Result: WARN
    No protocol specified
    All user-level objects in a package should have documentation entries.
    See chapter ‘Writing R documentation files’ in the ‘Writing R
    Extensions’ manual.
Flavors: r-release-osx-x86_64, r-oldrel-osx-x86_64

Version: 1.3.0
Check: for code/documentation mismatches
Result: WARN
    No protocol specified
    No protocol specified
    No protocol specified
Flavors: r-release-osx-x86_64, r-oldrel-osx-x86_64

Version: 1.3.0
Check: Rd \usage sections
Result: NOTE
    No protocol specified
    The \usage entries for S3 methods should use the \method markup and not
    their full name.
    See chapter ‘Writing R documentation files’ in the ‘Writing R
    Extensions’ manual.
Flavors: r-release-osx-x86_64, r-oldrel-osx-x86_64