CRAN Package Check Results for Package gMOIP

Last updated on 2020-01-19 19:47:53 CET.

Flavor Version Tinstall Tcheck Ttotal Status Flags
r-devel-linux-x86_64-debian-clang 1.3.0 6.69 247.14 253.83 OK
r-devel-linux-x86_64-debian-gcc 1.3.0 5.02 180.23 185.25 OK
r-devel-linux-x86_64-fedora-clang 1.3.0 297.26 OK
r-devel-linux-x86_64-fedora-gcc 1.3.0 299.26 OK
r-devel-windows-ix86+x86_64 1.3.0 34.00 311.00 345.00 OK
r-devel-windows-ix86+x86_64-gcc8 1.3.0 21.00 322.00 343.00 OK
r-patched-linux-x86_64 1.3.0 6.10 223.73 229.83 OK
r-patched-solaris-x86 1.3.0 283.50 OK
r-release-linux-x86_64 1.3.0 5.83 222.02 227.85 OK
r-release-windows-ix86+x86_64 1.3.0 20.00 286.00 306.00 OK
r-release-osx-x86_64 1.3.0 WARN
r-oldrel-windows-ix86+x86_64 1.3.0 17.00 215.00 232.00 OK
r-oldrel-osx-x86_64 1.3.0 WARN

Check Details

Version: 1.3.0
Check: whether package can be installed
Result: WARN
    Found the following significant warnings:
     Warning: 'rgl_init' failed, running with rgl.useNULL = TRUE
Flavors: r-release-osx-x86_64, r-oldrel-osx-x86_64

Version: 1.3.0
Check: dependencies in R code
Result: NOTE
    No protocol specified
Flavors: r-release-osx-x86_64, r-oldrel-osx-x86_64

Version: 1.3.0
Check: S3 generic/method consistency
Result: WARN
    No protocol specified
    See section ‘Generic functions and methods’ in the ‘Writing R
    Extensions’ manual.
Flavors: r-release-osx-x86_64, r-oldrel-osx-x86_64

Version: 1.3.0
Check: replacement functions
Result: WARN
    No protocol specified
    The argument of a replacement function which corresponds to the right
    hand side must be named ‘value’.
Flavors: r-release-osx-x86_64, r-oldrel-osx-x86_64

Version: 1.3.0
Check: foreign function calls
Result: NOTE
    No protocol specified
    See chapter ‘System and foreign language interfaces’ in the ‘Writing R
    Extensions’ manual.
Flavors: r-release-osx-x86_64, r-oldrel-osx-x86_64

Version: 1.3.0
Check: R code for possible problems
Result: NOTE
    No protocol specified
Flavors: r-release-osx-x86_64, r-oldrel-osx-x86_64

Version: 1.3.0
Check: for missing documentation entries
Result: WARN
    No protocol specified
    All user-level objects in a package should have documentation entries.
    See chapter ‘Writing R documentation files’ in the ‘Writing R
    Extensions’ manual.
Flavors: r-release-osx-x86_64, r-oldrel-osx-x86_64

Version: 1.3.0
Check: for code/documentation mismatches
Result: WARN
    No protocol specified
    No protocol specified
    No protocol specified
Flavors: r-release-osx-x86_64, r-oldrel-osx-x86_64

Version: 1.3.0
Check: Rd \usage sections
Result: NOTE
    No protocol specified
    The \usage entries for S3 methods should use the \method markup and not
    their full name.
    See chapter ‘Writing R documentation files’ in the ‘Writing R
    Extensions’ manual.
Flavors: r-release-osx-x86_64, r-oldrel-osx-x86_64