CRAN Package Check Results for Package fxl

Last updated on 2024-03-01 00:55:19 CET.

Flavor Version Tinstall Tcheck Ttotal Status Flags
r-devel-linux-x86_64-debian-clang 1.6.3 6.79 100.25 107.04 OK
r-devel-linux-x86_64-debian-gcc 1.6.3 6.19 74.07 80.26 OK
r-devel-linux-x86_64-fedora-clang 1.6.3 135.73 NOTE
r-devel-linux-x86_64-fedora-gcc 1.6.3 137.40 OK
r-devel-windows-x86_64 1.6.3 7.00 96.00 103.00 NOTE
r-patched-linux-x86_64 1.6.3 8.03 97.83 105.86 OK
r-release-linux-x86_64 1.6.3 7.86 95.33 103.19 OK
r-release-macos-arm64 1.6.3 54.00 NOTE
r-release-macos-x86_64 1.6.3 126.00 NOTE
r-release-windows-x86_64 1.6.3 9.00 108.00 117.00 NOTE
r-oldrel-macos-arm64 1.6.3 47.00 NOTE
r-oldrel-windows-x86_64 1.6.3 11.00 101.00 112.00 NOTE

Check Details

Version: 1.6.3
Check: installed package size
Result: NOTE installed size is 5.8Mb sub-directories of 1Mb or more: doc 1.2Mb help 4.3Mb Flavors: r-devel-linux-x86_64-fedora-clang, r-devel-windows-x86_64, r-release-macos-arm64, r-release-macos-x86_64, r-release-windows-x86_64, r-oldrel-macos-arm64, r-oldrel-windows-x86_64