CRAN Package Check Results for Package fuzzyforest

Last updated on 2024-02-26 08:48:45 CET.

Flavor Version Tinstall Tcheck Ttotal Status Flags
r-devel-linux-x86_64-debian-clang 1.0.8 5.89 132.86 138.75 OK
r-devel-linux-x86_64-debian-gcc 1.0.8 5.26 114.21 119.47 OK
r-devel-linux-x86_64-fedora-clang 1.0.8 192.05 OK
r-devel-linux-x86_64-fedora-gcc 1.0.8 184.27 OK
r-devel-windows-x86_64 1.0.8 20.00 128.00 148.00 OK
r-patched-linux-x86_64 1.0.8 6.17 149.25 155.42 OK
r-release-linux-x86_64 1.0.8 6.44 148.45 154.89 OK
r-release-macos-arm64 1.0.8 27.00 NOTE
r-release-macos-x86_64 1.0.8 40.00 NOTE
r-release-windows-x86_64 1.0.8 25.00 163.00 188.00 OK
r-oldrel-macos-arm64 1.0.8 24.00 NOTE
r-oldrel-windows-x86_64 1.0.8 27.00 204.00 231.00 OK

Check Details

Version: 1.0.8
Check: package dependencies
Result: NOTE Package suggested but not available for checking: ‘WGCNA’ Flavors: r-release-macos-arm64, r-release-macos-x86_64, r-oldrel-macos-arm64