Last updated on 2023-04-01 11:51:27 CEST.
Flavor | Version | Tinstall | Tcheck | Ttotal | Status | Flags |
---|---|---|---|---|---|---|
r-devel-linux-x86_64-debian-clang | 1.0.8 | 7.30 | 153.82 | 161.12 | OK | |
r-devel-linux-x86_64-debian-gcc | 1.0.8 | 4.95 | 115.14 | 120.09 | OK | |
r-devel-linux-x86_64-fedora-clang | 1.0.8 | 194.20 | OK | |||
r-devel-linux-x86_64-fedora-gcc | 1.0.8 | 191.87 | OK | |||
r-devel-windows-x86_64 | 1.0.8 | 31.00 | 193.00 | 224.00 | OK | |
r-patched-linux-x86_64 | 1.0.8 | 7.18 | 144.17 | 151.35 | OK | |
r-release-linux-x86_64 | 1.0.8 | 6.15 | 208.82 | 214.97 | OK | |
r-release-macos-arm64 | 1.0.8 | 24.00 | NOTE | |||
r-release-macos-x86_64 | 1.0.8 | 51.00 | NOTE | |||
r-release-windows-x86_64 | 1.0.8 | 57.00 | 233.00 | 290.00 | OK | |
r-oldrel-macos-arm64 | 1.0.8 | 30.00 | NOTE | |||
r-oldrel-macos-x86_64 | 1.0.8 | 49.00 | NOTE | |||
r-oldrel-windows-ix86+x86_64 | 1.0.8 | 55.00 | 221.00 | 276.00 | OK |
Version: 1.0.8
Check: package dependencies
Result: NOTE
Package suggested but not available for checking: ‘WGCNA’
Flavors: r-release-macos-arm64, r-release-macos-x86_64, r-oldrel-macos-arm64, r-oldrel-macos-x86_64