CRAN Package Check Results for Package futureheatwaves

Last updated on 2022-06-28 12:52:24 CEST.

Flavor Version Tinstall Tcheck Ttotal Status Flags
r-devel-linux-x86_64-debian-clang 1.0.3 24.79 83.02 107.81 OK
r-devel-linux-x86_64-debian-gcc 1.0.3 20.10 62.50 82.60 OK
r-devel-linux-x86_64-fedora-clang 1.0.3 145.47 NOTE
r-devel-linux-x86_64-fedora-gcc 1.0.3 138.86 NOTE
r-devel-windows-x86_64 1.0.3 217.00 133.00 350.00 OK
r-patched-linux-x86_64 1.0.3 21.78 78.55 100.33 OK
r-release-linux-x86_64 1.0.3 20.28 78.90 99.18 OK
r-release-macos-arm64 1.0.3 37.00 OK
r-release-macos-x86_64 1.0.3 82.00 OK
r-release-windows-x86_64 1.0.3 555.00 135.00 690.00 OK
r-oldrel-macos-arm64 1.0.3 66.00 OK
r-oldrel-macos-x86_64 1.0.3 65.00 OK
r-oldrel-windows-ix86+x86_64 1.0.3 61.00 149.00 210.00 NOTE

Check Details

Version: 1.0.3
Check: compiled code
Result: NOTE
    File ‘futureheatwaves/libs/futureheatwaves.so’:
     Found no calls to: ‘R_registerRoutines’, ‘R_useDynamicSymbols’
    
    It is good practice to register native routines and to disable symbol
    search.
    
    See ‘Writing portable packages’ in the ‘Writing R Extensions’ manual.
Flavors: r-devel-linux-x86_64-fedora-clang, r-devel-linux-x86_64-fedora-gcc

Version: 1.0.3
Check: installed package size
Result: NOTE
     installed size is 5.6Mb
     sub-directories of 1Mb or more:
     doc 1.8Mb
     extdata 1.5Mb
     libs 2.0Mb
Flavor: r-oldrel-windows-ix86+x86_64