CRAN Package Check Results for Package future.tests

Last updated on 2021-10-19 08:50:57 CEST.

Flavor Version Tinstall Tcheck Ttotal Status Flags
r-devel-linux-x86_64-debian-clang 0.3.0 6.92 106.24 113.16 OK
r-devel-linux-x86_64-debian-gcc 0.3.0 5.18 81.16 86.34 OK
r-devel-linux-x86_64-fedora-clang 0.3.0 149.87 OK
r-devel-linux-x86_64-fedora-gcc 0.3.0 141.51 OK
r-devel-windows-x86_64 0.3.0 10.00 143.00 153.00 OK
r-devel-windows-x86_64-gcc10-UCRT 0.3.0 OK
r-patched-linux-x86_64 0.3.0 6.89 112.40 119.29 OK
r-patched-solaris-x86 0.3.0 186.90 OK
r-release-linux-x86_64 0.3.0 6.79 112.24 119.03 OK
r-release-macos-arm64 0.2.1 NOTE
r-release-macos-x86_64 0.3.0 OK
r-release-windows-ix86+x86_64 0.3.0 11.00 110.00 121.00 OK
r-oldrel-macos-x86_64 0.3.0 OK
r-oldrel-windows-ix86+x86_64 0.3.0 11.00 120.00 131.00 OK

Check Details

Version: 0.2.1
Check: LazyData
Result: NOTE
     'LazyData' is specified without a 'data' directory
Flavor: r-release-macos-arm64