Last updated on 2023-11-30 05:50:51 CET.
Flavor | Version | Tinstall | Tcheck | Ttotal | Status | Flags |
---|---|---|---|---|---|---|
r-devel-linux-x86_64-debian-clang | 1.33.0 | 9.91 | 263.15 | 273.06 | NOTE | |
r-devel-linux-x86_64-debian-gcc | 1.33.0 | 7.66 | 198.36 | 206.02 | NOTE | |
r-devel-linux-x86_64-fedora-clang | 1.33.0 | 355.31 | NOTE | |||
r-devel-linux-x86_64-fedora-gcc | 1.33.0 | 350.49 | NOTE | |||
r-devel-windows-x86_64 | 1.33.0 | 10.00 | 304.00 | 314.00 | NOTE | |
r-patched-linux-x86_64 | 1.33.0 | 10.28 | 252.47 | 262.75 | OK | |
r-release-linux-x86_64 | 1.33.0 | 11.02 | 252.64 | 263.66 | OK | |
r-release-macos-arm64 | 1.33.0 | 186.00 | OK | |||
r-release-macos-x86_64 | 1.33.0 | 389.00 | OK | |||
r-release-windows-x86_64 | 1.33.0 | 13.00 | 342.00 | 355.00 | OK | |
r-oldrel-macos-arm64 | 1.33.0 | 190.00 | OK | |||
r-oldrel-macos-x86_64 | 1.33.0 | 331.00 | OK | |||
r-oldrel-windows-x86_64 | 1.33.0 | 12.00 | 355.00 | 367.00 | OK |
Version: 1.33.0
Check: Rd files
Result: NOTE
checkRd: (-1) plan.Rd:59-62: Lost braces in \itemize; meant \describe ?
checkRd: (-1) plan.Rd:63-67: Lost braces in \itemize; meant \describe ?
checkRd: (-1) plan.Rd:68-74: Lost braces in \itemize; meant \describe ?
checkRd: (-1) plan.Rd:75-80: Lost braces in \itemize; meant \describe ?
Flavors: r-devel-linux-x86_64-debian-clang, r-devel-linux-x86_64-debian-gcc
Version: 1.33.0
Check: Rd \usage sections
Result: NOTE
Documented arguments not in \usage in Rd file 'mandelbrot.Rd':
‘Z’ ‘xmid’ ‘ymid’ ‘side’ ‘resolution’ ‘maxIter’ ‘tau’
Functions with \usage entries need to have the appropriate \alias
entries, and all their arguments documented.
The \usage entries must correspond to syntactically valid R code.
See chapter ‘Writing R documentation files’ in the ‘Writing R
Extensions’ manual.
Flavors: r-devel-linux-x86_64-debian-clang, r-devel-linux-x86_64-debian-gcc, r-devel-linux-x86_64-fedora-clang, r-devel-linux-x86_64-fedora-gcc, r-devel-windows-x86_64