Last updated on 2023-12-06 16:53:12 CET.
Flavor | Version | Tinstall | Tcheck | Ttotal | Status | Flags |
---|---|---|---|---|---|---|
r-devel-linux-x86_64-debian-clang | 0.12.0 | 6.79 | 341.83 | 348.62 | NOTE | |
r-devel-linux-x86_64-debian-gcc | 0.12.0 | 5.06 | 252.88 | 257.94 | NOTE | |
r-devel-linux-x86_64-fedora-clang | 0.12.0 | 442.45 | NOTE | |||
r-devel-linux-x86_64-fedora-gcc | 0.12.0 | 475.48 | NOTE | |||
r-devel-windows-x86_64 | 0.12.0 | 7.00 | 263.00 | 270.00 | NOTE | |
r-patched-linux-x86_64 | 0.12.0 | 9.50 | 313.61 | 323.11 | OK | |
r-release-linux-x86_64 | 0.12.0 | 5.07 | 315.81 | 320.88 | OK | |
r-release-macos-arm64 | 0.12.0 | 154.00 | OK | |||
r-release-macos-x86_64 | 0.12.0 | 259.00 | OK | |||
r-release-windows-x86_64 | 0.12.0 | 9.00 | 326.00 | 335.00 | OK | |
r-oldrel-macos-arm64 | 0.12.0 | 130.00 | OK | |||
r-oldrel-macos-x86_64 | 0.12.0 | 213.00 | OK | |||
r-oldrel-windows-x86_64 | 0.12.0 | 8.00 | 320.00 | 328.00 | OK |
Version: 0.12.0
Check: Rd \usage sections
Result: NOTE
Documented arguments not in \usage in Rd file 'loggedOutput.Rd':
‘future’
Functions with \usage entries need to have the appropriate \alias
entries, and all their arguments documented.
The \usage entries must correspond to syntactically valid R code.
See chapter ‘Writing R documentation files’ in the ‘Writing R
Extensions’ manual.
Flavors: r-devel-linux-x86_64-debian-clang, r-devel-linux-x86_64-debian-gcc, r-devel-linux-x86_64-fedora-clang, r-devel-linux-x86_64-fedora-gcc, r-devel-windows-x86_64