CRAN Package Check Results for Package fungible

Last updated on 2020-09-18 20:47:25 CEST.

Flavor Version Tinstall Tcheck Ttotal Status Flags
r-devel-linux-x86_64-debian-clang 1.96.3 15.30 140.41 155.71 OK
r-devel-linux-x86_64-debian-gcc 1.96.3 13.43 103.29 116.72 OK
r-devel-linux-x86_64-fedora-clang 1.96.3 195.56 NOTE
r-devel-linux-x86_64-fedora-gcc 1.96.3 190.27 NOTE
r-devel-windows-ix86+x86_64 1.96.3 27.00 181.00 208.00 OK
r-patched-linux-x86_64 1.96.3 14.75 138.01 152.76 OK
r-patched-solaris-x86 1.96.3 228.80 NOTE
r-release-linux-x86_64 1.96.3 15.40 137.83 153.23 OK
r-release-macos-x86_64 1.96.3 NOTE
r-release-windows-ix86+x86_64 1.96.3 27.00 136.00 163.00 OK
r-oldrel-macos-x86_64 1.96.3 NOTE
r-oldrel-windows-ix86+x86_64 1.96.3 16.00 174.00 190.00 OK

Check Details

Version: 1.96.3
Check: data for non-ASCII characters
Result: NOTE
     Note: found 1 marked UTF-8 string
Flavors: r-devel-linux-x86_64-fedora-clang, r-devel-linux-x86_64-fedora-gcc, r-patched-solaris-x86, r-release-macos-x86_64, r-oldrel-macos-x86_64