CRAN Package Check Results for Package ftsa

Last updated on 2023-05-28 06:51:39 CEST.

Flavor Version Tinstall Tcheck Ttotal Status Flags
r-devel-linux-x86_64-debian-clang 6.1 32.34 293.76 326.10 NOTE
r-devel-linux-x86_64-debian-gcc 6.1 24.98 218.58 243.56 NOTE
r-devel-linux-x86_64-fedora-clang 6.1 422.17 NOTE
r-devel-linux-x86_64-fedora-gcc 6.1 409.91 NOTE
r-devel-windows-x86_64 6.1 30.00 279.00 309.00 NOTE
r-patched-linux-x86_64 6.1 37.51 277.55 315.06 NOTE
r-release-linux-x86_64 6.1 33.22 276.01 309.23 NOTE
r-release-macos-arm64 6.1 135.00 NOTE
r-release-macos-x86_64 6.1 204.00 NOTE
r-release-windows-x86_64 6.1 38.00 319.00 357.00 NOTE
r-oldrel-macos-arm64 6.1 107.00 OK
r-oldrel-macos-x86_64 6.1 177.00 NOTE
r-oldrel-windows-x86_64 6.1 37.00 318.00 355.00 OK

Check Details

Version: 6.1
Check: Rd files
Result: NOTE
    checkRd: (-1) mean.fts.Rd:37: Escaped LaTeX specials: \&
    checkRd: (-1) median.fts.Rd:41: Escaped LaTeX specials: \&
    checkRd: (-1) plot.fm.Rd:38: Escaped LaTeX specials: \&
    checkRd: (-1) residuals.fm.Rd:21: Escaped LaTeX specials: \&
    checkRd: (-1) sd.fts.Rd:42: Escaped LaTeX specials: \&
    checkRd: (-1) var.fts.Rd:38: Escaped LaTeX specials: \&
Flavors: r-devel-linux-x86_64-debian-clang, r-devel-linux-x86_64-debian-gcc, r-devel-linux-x86_64-fedora-clang, r-devel-linux-x86_64-fedora-gcc, r-devel-windows-x86_64, r-patched-linux-x86_64, r-release-linux-x86_64, r-release-macos-arm64, r-release-macos-x86_64, r-release-windows-x86_64

Version: 6.1
Check: re-building of vignette outputs
Result: NOTE
    Error(s) in re-building vignettes:
    --- re-building ‘ftsa.Rnw’ using Sweave
    Loading required package: forecast
    Loading required package: rainbow
    Loading required package: MASS
    Loading required package: pcaPP
    Loading required package: sde
    Loading required package: stats4
    Loading required package: fda
    Loading required package: splines
    Loading required package: fds
    Loading required package: RCurl
    Loading required package: deSolve
    
    Attaching package: ‘fda’
    
    The following object is masked from ‘package:forecast’:
    
     fourier
    
    The following object is masked from ‘package:graphics’:
    
     matplot
    
    Loading required package: zoo
    
    Attaching package: ‘zoo’
    
    The following objects are masked from ‘package:base’:
    
     as.Date, as.Date.numeric
    
    sde 2.0.18
    Companion package to the book
    ‘Simulation and Inference for Stochastic Differential Equations With R Examples’
    Iacus, Springer NY, (2008)
    To check the errata corrige of the book, type vignette("sde.errata")
    
    Attaching package: ‘ftsa’
    
    The following objects are masked from ‘package:stats’:
    
     sd, var
    
    Error: processing vignette 'ftsa.Rnw' failed with diagnostics:
    Running 'texi2dvi' on 'ftsa.tex' failed.
    LaTeX errors:
    ! LaTeX Error: File `animate.sty' not found.
    
    Type X to quit or <RETURN> to proceed,
    or enter new name. (Default extension: sty)
    
    ! Emergency stop.
    <read *>
    
    l.9 \usepackage
     [utf8]{inputenc}^^M
    ! ==> Fatal error occurred, no output PDF file produced!
    --- failed re-building ‘ftsa.Rnw’
    
    --- re-building ‘ftsa_test.Rnw’ using Sweave
    Error: processing vignette 'ftsa_test.Rnw' failed with diagnostics:
    Running 'texi2dvi' on 'ftsa_test.tex' failed.
    LaTeX errors:
    ! LaTeX Error: File `animate.sty' not found.
    
    Type X to quit or <RETURN> to proceed,
    or enter new name. (Default extension: sty)
    
    ! Emergency stop.
    <read *>
    
    l.9 \usepackage
     [utf8]{inputenc}^^M
    ! ==> Fatal error occurred, no output PDF file produced!
    --- failed re-building ‘ftsa_test.Rnw’
    
    SUMMARY: processing the following files failed:
     ‘ftsa.Rnw’ ‘ftsa_test.Rnw’
    
    Error: Vignette re-building failed.
    Execution halted
Flavor: r-release-macos-x86_64

Version: 6.1
Check: package dependencies
Result: NOTE
    Package suggested but not available for checking: ‘R2jags’
Flavor: r-oldrel-macos-x86_64