CRAN Package Check Results for Package ftExtra

Last updated on 2020-06-03 07:51:14 CEST.

Flavor Version Tinstall Tcheck Ttotal Status Flags
r-devel-linux-x86_64-debian-clang 0.0.1 3.72 63.47 67.19 OK
r-devel-linux-x86_64-debian-gcc 0.0.1 3.38 54.11 57.49 OK
r-devel-linux-x86_64-fedora-clang 0.0.1 85.05 OK
r-devel-linux-x86_64-fedora-gcc 0.0.1 71.29 OK
r-devel-windows-ix86+x86_64 0.0.1 22.00 102.00 124.00 OK
r-patched-linux-x86_64 0.0.1 3.51 61.15 64.66 OK
r-patched-solaris-x86 0.0.1 99.40 WARN
r-release-linux-x86_64 0.0.1 3.44 60.18 63.62 OK
r-release-osx-x86_64 0.0.1 OK
r-release-windows-ix86+x86_64 0.0.1 11.00 72.00 83.00 OK
r-oldrel-osx-x86_64 0.0.1 WARN
r-oldrel-windows-ix86+x86_64 0.0.1 10.00 73.00 83.00 OK

Check Details

Version: 0.0.1
Check: re-building of vignette outputs
Result: WARN
    Error(s) in re-building vignettes:
     ...
    --- re-building ‘format_columns.Rmd’ using rmarkdown
    Warning in engine$weave(file, quiet = quiet, encoding = enc) :
     Pandoc (>= 1.12.3) and/or pandoc-citeproc not available. Falling back to R Markdown v1.
    sh: /tmp/Rtmp5ea47i/working_dir/Rtmp8OaydA/file341b2d5223e8: cannot execute
    Quitting from lines 28-36 (format_columns.Rmd)
    Error: processing vignette 'format_columns.Rmd' failed with diagnostics:
    lexical error: invalid char in json text.
     NA
     (right here) ------^
    
    --- failed re-building ‘format_columns.Rmd’
    
    --- re-building ‘group-rows.Rmd’ using rmarkdown
    Warning in engine$weave(file, quiet = quiet, encoding = enc) :
     Pandoc (>= 1.12.3) and/or pandoc-citeproc not available. Falling back to R Markdown v1.
    --- finished re-building ‘group-rows.Rmd’
    
    --- re-building ‘transform-headers.Rmd’ using rmarkdown
    Warning in engine$weave(file, quiet = quiet, encoding = enc) :
     Pandoc (>= 1.12.3) and/or pandoc-citeproc not available. Falling back to R Markdown v1.
    --- finished re-building ‘transform-headers.Rmd’
    
    SUMMARY: processing the following file failed:
     ‘format_columns.Rmd’
    
    Error: Vignette re-building failed.
    Execution halted
Flavor: r-patched-solaris-x86

Version: 0.0.1
Check: re-building of vignette outputs
Result: WARN
    Error(s) in re-building vignettes:
    --- re-building ‘format_columns.Rmd’ using rmarkdown
    Warning in engine$weave(file, quiet = quiet, encoding = enc) :
     Pandoc (>= 1.12.3) and/or pandoc-citeproc not available. Falling back to R Markdown v1.
    sh: /tmp/RtmpVYe8Du/file1e4357d8891f: Permission denied
    Quitting from lines 28-36 (format_columns.Rmd)
    Error: processing vignette 'format_columns.Rmd' failed with diagnostics:
    lexical error: invalid char in json text.
     NA
     (right here) ------^
    
    --- failed re-building ‘format_columns.Rmd’
    
    --- re-building ‘group-rows.Rmd’ using rmarkdown
    Warning in engine$weave(file, quiet = quiet, encoding = enc) :
     Pandoc (>= 1.12.3) and/or pandoc-citeproc not available. Falling back to R Markdown v1.
    --- finished re-building ‘group-rows.Rmd’
    
    --- re-building ‘transform-headers.Rmd’ using rmarkdown
    Warning in engine$weave(file, quiet = quiet, encoding = enc) :
     Pandoc (>= 1.12.3) and/or pandoc-citeproc not available. Falling back to R Markdown v1.
    --- finished re-building ‘transform-headers.Rmd’
    
    SUMMARY: processing the following file failed:
     ‘format_columns.Rmd’
    
    Error: Vignette re-building failed.
    Execution halted
Flavor: r-oldrel-osx-x86_64