CRAN Package Check Results for Package ftDK

Last updated on 2019-02-23 15:52:44 CET.

Flavor Version Tinstall Tcheck Ttotal Status Flags
r-devel-linux-x86_64-debian-clang 1.0 1.15 17.74 18.89 OK
r-devel-linux-x86_64-debian-gcc 1.0 1.04 13.97 15.01 OK
r-devel-linux-x86_64-fedora-clang 1.0 23.49 NOTE
r-devel-linux-x86_64-fedora-gcc 1.0 21.66 NOTE
r-devel-windows-ix86+x86_64 1.0 4.00 40.00 44.00 OK
r-patched-linux-x86_64 1.0 0.90 16.18 17.08 OK
r-patched-solaris-x86 1.0 32.60 NOTE
r-release-linux-x86_64 1.0 0.86 16.21 17.07 OK
r-release-windows-ix86+x86_64 1.0 3.00 36.00 39.00 OK
r-release-osx-x86_64 1.0 NOTE
r-oldrel-windows-ix86+x86_64 1.0 2.00 30.00 32.00 OK
r-oldrel-osx-x86_64 1.0 NOTE

Check Details

Version: 1.0
Check: data for non-ASCII characters
Result: NOTE
     Note: found 39 marked UTF-8 strings
Flavors: r-devel-linux-x86_64-fedora-clang, r-devel-linux-x86_64-fedora-gcc, r-patched-solaris-x86, r-release-osx-x86_64, r-oldrel-osx-x86_64