CRAN Package Check Results for Package ftDK

Last updated on 2019-08-19 22:47:05 CEST.

Flavor Version Tinstall Tcheck Ttotal Status Flags
r-devel-linux-x86_64-debian-clang 1.0 1.69 17.61 19.30 OK
r-devel-linux-x86_64-debian-gcc 1.0 1.43 14.36 15.79 OK
r-devel-linux-x86_64-fedora-clang 1.0 25.16 NOTE
r-devel-linux-x86_64-fedora-gcc 1.0 23.51 NOTE
r-devel-windows-ix86+x86_64 1.0 7.00 40.00 47.00 OK
r-patched-linux-x86_64 1.0 1.58 17.48 19.06 OK
r-patched-solaris-x86 1.0 37.70 NOTE
r-release-linux-x86_64 1.0 1.60 17.64 19.24 OK
r-release-windows-ix86+x86_64 1.0 4.00 31.00 35.00 OK
r-release-osx-x86_64 1.0 NOTE
r-oldrel-windows-ix86+x86_64 1.0 4.00 37.00 41.00 OK
r-oldrel-osx-x86_64 1.0 NOTE

Check Details

Version: 1.0
Check: data for non-ASCII characters
Result: NOTE
     Note: found 39 marked UTF-8 strings
Flavors: r-devel-linux-x86_64-fedora-clang, r-devel-linux-x86_64-fedora-gcc, r-patched-solaris-x86, r-release-osx-x86_64, r-oldrel-osx-x86_64