CRAN Package Check Results for Package fst

Last updated on 2019-01-16 06:47:11 CET.

Flavor Version Tinstall Tcheck Ttotal Status Flags
r-devel-linux-x86_64-debian-clang 0.8.10 147.62 72.80 220.42 OK
r-devel-linux-x86_64-debian-gcc 0.8.10 118.68 51.55 170.23 OK
r-devel-linux-x86_64-fedora-clang 0.8.10 326.18 NOTE
r-devel-linux-x86_64-fedora-gcc 0.8.10 261.82 OK
r-devel-windows-ix86+x86_64 0.8.10 310.00 170.00 480.00 OK
r-patched-linux-x86_64 0.8.10 142.93 60.54 203.47 OK
r-patched-solaris-x86 0.8.10 256.50 ERROR
r-release-linux-x86_64 0.8.10 143.45 60.75 204.20 OK
r-release-windows-ix86+x86_64 0.8.10 373.00 116.00 489.00 OK
r-release-osx-x86_64 0.8.10 NOTE
r-oldrel-windows-ix86+x86_64 0.8.10 398.00 111.00 509.00 OK
r-oldrel-osx-x86_64 0.8.10 OK

Additional issues

rchk

Check Details

Version: 0.8.10
Check: installed package size
Result: NOTE
     installed size is 6.8Mb
     sub-directories of 1Mb or more:
     libs 6.6Mb
Flavors: r-devel-linux-x86_64-fedora-clang, r-release-osx-x86_64

Version: 0.8.10
Check: tests
Result: ERROR
     Running ‘testthat.R’ [0m/180m]
    Running the tests in ‘tests/testthat.R’ failed.
    Complete output:
     >
     > library(testthat)
     > library(fst)
     > library(data.table)
     > library(lintr)
     > library(bit64)
     Loading required package: bit
     Attaching package bit
     package:bit (c) 2008-2012 Jens Oehlschlaegel (GPL-2)
     creators: bit bitwhich
     coercion: as.logical as.integer as.bit as.bitwhich which
     operator: ! & | xor != ==
     querying: print length any all min max range sum summary
     bit access: length<- [ [<- [[ [[<-
     for more help type ?bit
    
     Attaching package: 'bit'
    
     The following object is masked from 'package:data.table':
    
     setattr
    
     The following object is masked from 'package:base':
    
     xor
    
     Attaching package bit64
     package:bit64 (c) 2011-2012 Jens Oehlschlaegel
     creators: integer64 seq :
     coercion: as.integer64 as.vector as.logical as.integer as.double as.character as.bin
     logical operator: ! & | xor != == < <= >= >
     arithmetic operator: + - * / %/% %% ^
     math: sign abs sqrt log log2 log10
     math: floor ceiling trunc round
     querying: is.integer64 is.vector [is.atomic} [length] format print str
     values: is.na is.nan is.finite is.infinite
     aggregation: any all min max range sum prod
     cumulation: diff cummin cummax cumsum cumprod
     access: length<- [ [<- [[ [[<-
     combine: c rep cbind rbind as.data.frame
     WARNING don't use as subscripts
     WARNING semantics differ from integer
     for more help type ?bit64
    
     Attaching package: 'bit64'
    
     The following object is masked from 'package:bit':
    
     still.identical
    
     The following objects are masked from 'package:base':
    
     %in%, :, is.double, match, order, rank
    
     >
     > source("testthat/helper_fstwrite.R") # cross-version testing
     >
     > test_check("fst")
     ── 1. Failure: Medium factor with a single NA level (@test_factor.R#130) ──────
     `dt` not equal to `data`.
     Component "A": Mean relative difference: 0.6666124
    
     ── 2. Failure: Medium factor with a single NA level (@test_factor.R#130) ──────
     to_frame(dt[offset:nrow(dt), , drop = FALSE]) not equal to `data`.
     Component "A": Mean relative difference: 0.6666124
    
     ── 3. Failure: Medium factor with a single NA level (@test_factor.R#130) ──────
     to_frame(dt[1:(nrow(dt) - cap), , drop = FALSE]) not equal to `data`.
     Component "A": Mean relative difference: 0.6666124
    
     ── 4. Failure: Medium factor with a single NA level (@test_factor.R#130) ──────
     to_frame(dt[offset:(nrow(dt) - cap), , drop = FALSE]) not equal to `data`.
     Component "A": Mean relative difference: 0.6666124
    
     ── 5. Failure: Single uncompressed vectors (@test_fst.R#105) ──────────────────
     `sub_dt` not equal to `data`.
     Component "Xint": Mean relative difference: 0.6666124
     args: col: Xint | from: 1 | to: 10000 | setColumns: | compress: 0 | tot_length 10000 cols sub_dt: 1 , rows sub_dt: 10000 cols data: 1 , rows data: 10000 head sub_dt: 1,2,3,4,5,6,7,8,9,10 head data: 1,2,3,4,5,6,7,8,9,10 unequals: 4096 uneq rows sub_dt1 4097,4098,4099,4100,4101,4102,4103,4104,4105,4106,4107,4108,4109,4110,4111,4112,4113,4114,4115,4116,4117,4118,4119,4120,4121 uneq rows sub_dt2 4097,4098,4099,4100,4101,4102,4103,4104,4105,4106,4107,4108,4109,4110,4111,4112,4113,4114,4115,4116,4117,4118,4119,4120,4121 uneq rows sub_dt3 8193,8194,8195,8196,8197,8198,8199,8200,8201,8202,8203,8204,8205,8206,8207,8208,8209,8210,8211,8212,8213,8214,8215,8216,8217
    
     ── 6. Failure: Single uncompressed vectors (@test_fst.R#105) ──────────────────
     `sub_dt` not equal to `data`.
     Component "Ylog": 'is.NA' value mismatch: 3336 in current 3265 in target
     args: col: Ylog | from: 1 | to: 10000 | setColumns: | compress: 0 | tot_length 10000 cols sub_dt: 1 , rows sub_dt: 10000 cols data: 1 , rows data: 10000 head sub_dt: FALSE,NA,TRUE,FALSE,NA,NA,NA,FALSE,TRUE,FALSE head data: FALSE,NA,TRUE,FALSE,NA,NA,NA,FALSE,TRUE,FALSE unequals: NA uneq rows sub_dt1 NA,NA,NA,NA,NA,NA,NA,NA,NA,NA,NA,NA,NA,NA,NA,NA,NA,NA,NA,NA,NA,NA,NA,NA,NA uneq rows sub_dt2 NA,NA,NA,NA,NA,NA,NA,NA,NA,NA,NA,NA,NA,NA,NA,NA,NA,NA,NA,NA,NA,NA,NA,NA,NA uneq rows sub_dt3 NA,NA,NA,NA,NA,NA,NA,NA,NA,NA,NA,NA,NA,NA,NA,NA,NA,NA,NA,NA,NA,NA,NA,NA,NA
    
     ── 7. Failure: Single uncompressed vectors (@test_fst.R#105) ──────────────────
     `sub_dt` not equal to `data`.
     Component "Zdoub": Mean relative difference: 1.398089
     args: col: Zdoub | from: 1 | to: 10000 | setColumns: | compress: 0 | tot_length 10000 cols sub_dt: 1 , rows sub_dt: 10000 cols data: 1 , rows data: 10000 head sub_dt: -0.983993017276539,-0.0252120123234165,0.634104447480291,0.939788389174789,-1.03161405269825,-0.499376137870462,1.31494902172069,1.30139157335387,-1.16028793674128,-0.266845537225836 head data: -0.983993017276539,-0.0252120123234165,0.634104447480291,0.939788389174789,-1.03161405269825,-0.499376137870462,1.31494902172069,1.30139157335387,-1.16028793674128,-0.266845537225836 unequals: 4096 uneq rows sub_dt1 0.691884083464444,0.674674281428794,0.179466275950493,-0.308481223182627,-0.0809030918672414,-0.149445108169317,0.843816681471803,0.261247234581819,1.74290634633943,-0.200367944249472,0.375713974964781,-1.00901404360549,-2.31098261367583,-1.23740384259415,-0.246642228650692,-0.532922266951557,-0.788830207611482,0.555581532358322,1.56603710789272,0.661798221498922,-2.42930096797613,-0.0483351178903747,1.30049641358284,-0.371396523365728,0.274420212500845 uneq rows sub_dt2 4097,4098,4099,4100,4101,4102,4103,4104,4105,4106,4107,4108,4109,4110,4111,4112,4113,4114,4115,4116,4117,4118,4119,4120,4121 uneq rows sub_dt3 -0.293386977690163,0.179082783086854,-0.893717164007513,0.282781027032854,0.848683287276796,1.86517921749606,-0.386908218380039,-0.686962649449276,-2.89678244570806,-0.154564561133735,0.833246861084832,-0.695398936192997,0.799103692155432,-1.69394023087016,-0.235914383389756,0.230668428166456,-0.949552562884373,1.92815242073004,-1.34407587928945,0.256102068967595,-0.661626829603077,1.6104784796122,-0.767509849657573,0.144570824528303,-1.67167635619122
    
     ── 8. Failure: Single uncompressed vectors (@test_fst.R#105) ──────────────────
     `sub_dt` not equal to `data`.
     Component "WFact": 3582 string mismatches
     args: col: WFact | from: 1 | to: 10000 | setColumns: | compress: 0 | tot_length 10000 cols sub_dt: 1 , rows sub_dt: 10000 cols data: 1 , rows data: 10000 head sub_dt: Z,ZCX,QWL,GZ,QB,IQE,GZ,QWL,RB,YIW head data: Z,ZCX,QWL,GZ,QB,IQE,GZ,QWL,RB,YIW unequals: 3582 uneq rows sub_dt1 ZCX,QB,QB,IQE,GZ,QWL,IQE,GZ,RB,RB,Z,IQE,RB,GZ,Z,QWL,GZ,IQE,GZ,YIW,RB,RB,RB,YIW,QB uneq rows sub_dt2 4097,4098,4099,4100,4102,4103,4104,4105,4106,4107,4109,4110,4111,4112,4113,4114,4115,4116,4117,4119,4120,4121,4122,4124,4125 uneq rows sub_dt3 Z,ZCX,QWL,GZ,IQE,GZ,QWL,RB,YIW,QB,GZ,Z,Z,QWL,ZCX,ZCX,YIW,GZ,Z,IQE,YIW,YIW,IQE,GZ,YIW
    
     ── 9. Failure: Single uncompressed vectors (@test_fst.R#105) ──────────────────
     `sub_dt` not equal to `data`.
     Component "Ordered": 3561 string mismatches
     args: col: Ordered | from: 1 | to: 10000 | setColumns: | compress: 0 | tot_length 10000 cols sub_dt: 1 , rows sub_dt: 10000 cols data: 1 , rows data: 10000 head sub_dt: F,JA,JA,I,K,QD,JA,F,SK,K head data: F,JA,JA,I,K,QD,JA,F,SK,K unequals: 3561 uneq rows sub_dt1 TJRK,ZP,QD,I,ZP,JA,ZP,K,QD,TJRK,K,QD,I,QD,ZP,TJRK,JA,F,I,K,F,JA,K,ZP,F uneq rows sub_dt2 4097,4100,4103,4104,4105,4106,4108,4109,4110,4112,4113,4114,4115,4116,4117,4118,4119,4120,4121,4122,4123,4124,4126,4127,4128 uneq rows sub_dt3 F,I,JA,F,SK,K,SK,QD,F,QD,TJRK,I,JA,K,K,QD,F,I,SK,ZP,TJRK,K,ZP,F,I
    
     ── 10. Failure: Single uncompressed vectors (@test_fst.R#105) ─────────────────
     `sub_dt` not equal to `data`.
     Component "Date": Mean relative difference: 0.6596651
     args: col: Date | from: 1 | to: 10000 | setColumns: | compress: 0 | tot_length 10000 cols sub_dt: 1 , rows sub_dt: 10000 cols data: 1 , rows data: 10000 head sub_dt: 1974-02-16,1994-02-13,1996-10-31,1986-03-05,1971-09-03,1970-01-18,1981-12-23,1976-01-20,1973-04-10,1986-03-29 head data: 1974-02-16,1994-02-13,1996-10-31,1986-03-05,1971-09-03,1970-01-18,1981-12-23,1976-01-20,1973-04-10,1986-03-29 unequals: 4095 uneq rows sub_dt1 1984-07-01,1987-06-13,1983-11-03,1974-08-24,1975-02-22,1973-06-12,1983-01-27,1995-08-18,1988-04-17,1974-01-23,1974-03-25,1995-10-16,1983-10-13,1978-12-25,1976-12-22,1977-06-27,1973-09-20,1979-03-12,1981-05-02,1987-07-17,1979-11-07,1974-08-10,1988-07-24,1989-12-04,1992-08-08 uneq rows sub_dt2 4097,4098,4099,4100,4101,4102,4103,4104,4105,4106,4107,4108,4109,4110,4111,4112,4113,4114,4115,4116,4117,4118,4119,4120,4121 uneq rows sub_dt3 1972-04-20,1971-09-05,1980-11-21,1994-02-17,1985-08-24,1971-08-25,1976-04-15,1972-02-29,1976-03-19,1974-07-20,1974-09-16,1970-07-22,1973-03-05,1972-09-12,1990-02-16,1981-12-21,1994-02-01,1985-08-30,1990-12-20,1996-01-09,1979-05-08,1972-05-10,1972-04-09,1990-11-30,1981-04-12
    
     ── 11. Failure: Single uncompressed vectors (@test_fst.R#105) ─────────────────
     `sub_dt` not equal to `data`.
     Component "DateDouble": Mean relative difference: 0.1813955
     args: col: DateDouble | from: 1 | to: 10000 | setColumns: | compress: 0 | tot_length 10000 cols sub_dt: 1 , rows sub_dt: 10000 cols data: 1 , rows data: 10000 head sub_dt: 2015-01-02,2015-01-03,2015-01-04,2015-01-05,2015-01-06,2015-01-07,2015-01-08,2015-01-09,2015-01-10,2015-01-11 head data: 2015-01-02,2015-01-03,2015-01-04,2015-01-05,2015-01-06,2015-01-07,2015-01-08,2015-01-09,2015-01-10,2015-01-11 unequals: 4096 uneq rows sub_dt1 2026-03-21,2026-03-22,2026-03-23,2026-03-24,2026-03-25,2026-03-26,2026-03-27,2026-03-28,2026-03-29,2026-03-30,2026-03-31,2026-04-01,2026-04-02,2026-04-03,2026-04-04,2026-04-05,2026-04-06,2026-04-07,2026-04-08,2026-04-09,2026-04-10,2026-04-11,2026-04-12,2026-04-13,2026-04-14 uneq rows sub_dt2 4097,4098,4099,4100,4101,4102,4103,4104,4105,4106,4107,4108,4109,4110,4111,4112,4113,4114,4115,4116,4117,4118,4119,4120,4121 uneq rows sub_dt3 2037-06-07,2037-06-08,2037-06-09,2037-06-10,2037-06-11,2037-06-12,2037-06-13,2037-06-14,2037-06-15,2037-06-16,2037-06-17,2037-06-18,2037-06-19,2037-06-20,2037-06-21,2037-06-22,2037-06-23,2037-06-24,2037-06-25,2037-06-26,2037-06-27,2037-06-28,2037-06-29,2037-06-30,2037-07-01
    
     ── 12. Failure: Single uncompressed vectors (@test_fst.R#105) ─────────────────
     `sub_dt` not equal to `data`.
     Component "Difftime": Mean relative difference: 0.6666125
     args: col: Difftime | from: 1 | to: 10000 | setColumns: | compress: 0 | tot_length 10000 cols sub_dt: 1 , rows sub_dt: 10000 cols data: 1 , rows data: 10000 head sub_dt: 0.998835325241089,1.99883532524109,2.99883532524109,3.99883532524109,4.99883532524109,5.99883532524109,6.99883532524109,7.99883532524109,8.99883532524109,9.99883532524109 head data: 0.998835325241089,1.99883532524109,2.99883532524109,3.99883532524109,4.99883532524109,5.99883532524109,6.99883532524109,7.99883532524109,8.99883532524109,9.99883532524109 unequals: 4096 uneq rows sub_dt1 4096.99883532524,4097.99883532524,4098.99883532524,4099.99883532524,4100.99883532524,4101.99883532524,4102.99883532524,4103.99883532524,4104.99883532524,4105.99883532524,4106.99883532524,4107.99883532524,4108.99883532524,4109.99883532524,4110.99883532524,4111.99883532524,4112.99883532524,4113.99883532524,4114.99883532524,4115.99883532524,4116.99883532524,4117.99883532524,4118.99883532524,4119.99883532524,4120.99883532524 uneq rows sub_dt2 4097,4098,4099,4100,4101,4102,4103,4104,4105,4106,4107,4108,4109,4110,4111,4112,4113,4114,4115,4116,4117,4118,4119,4120,4121 uneq rows sub_dt3 8192.99883532524,8193.99883532524,8194.99883532524,8195.99883532524,8196.99883532524,8197.99883532524,8198.99883532524,8199.99883532524,8200.99883532524,8201.99883532524,8202.99883532524,8203.99883532524,8204.99883532524,8205.99883532524,8206.99883532524,8207.99883532524,8208.99883532524,8209.99883532524,8210.99883532524,8211.99883532524,8212.99883532524,8213.99883532524,8214.99883532524,8215.99883532524,8216.99883532524
    
     ── 13. Failure: Single uncompressed vectors (@test_fst.R#105) ─────────────────
     `sub_dt` not equal to `data`.
     Component "DiffTime_int": Mean relative difference: 0.6667209
     args: col: DiffTime_int | from: 1 | to: 10000 | setColumns: | compress: 0 | tot_length 10000 cols sub_dt: 1 , rows sub_dt: 10000 cols data: 1 , rows data: 10000 head sub_dt: 0,1,2,3,4,5,6,7,8,9 head data: 0,1,2,3,4,5,6,7,8,9 unequals: 4096 uneq rows sub_dt1 4096,4097,4098,4099,4100,4101,4102,4103,4104,4105,4106,4107,4108,4109,4110,4111,4112,4113,4114,4115,4116,4117,4118,4119,4120 uneq rows sub_dt2 4097,4098,4099,4100,4101,4102,4103,4104,4105,4106,4107,4108,4109,4110,4111,4112,4113,4114,4115,4116,4117,4118,4119,4120,4121 uneq rows sub_dt3 0,1,2,3,4,5,6,7,8,9,10,11,12,13,14,15,16,17,18,19,20,21,22,23,24
    
     ── 14. Failure: Single weakly compressed vectors (@test_fst.R#120) ────────────
     `sub_dt` not equal to `data`.
     Component "Xint": 'is.NA' value mismatch: 5 in current 0 in target
     args: col: Xint | from: 1 | to: 10000 | setColumns: | compress: 30 | tot_length 10000 cols sub_dt: 1 , rows sub_dt: 10000 cols data: 1 , rows data: 10000 head sub_dt: 1,2,3,4,5,6,7,8,9,10 head data: 1,2,3,4,5,6,7,8,9,10 unequals: NA uneq rows sub_dt1 4097,4098,4099,4100,4101,4102,4103,4104,4105,4106,4107,4108,4109,4110,4111,4112,4113,4114,4115,4116,4117,4118,4119,4120,4121 uneq rows sub_dt2 4097,4098,4099,4100,4101,4102,4103,4104,4105,4106,4107,4108,4109,4110,4111,4112,4113,4114,4115,4116,4117,4118,4119,4120,4121 uneq rows sub_dt3 4,4,65781,65782,0,12189696,0,0,134217732,65540,1241579767,9502968,1589313536,0,0,-1744830464,65540,0,9568504,0,0,0,0,0,524295
    
     ── 15. Failure: Single weakly compressed vectors (@test_fst.R#120) ────────────
     `sub_dt` not equal to `data`.
     Component "Ylog": 'is.NA' value mismatch: 2764 in current 3265 in target
     args: col: Ylog | from: 1 | to: 10000 | setColumns: | compress: 30 | tot_length 10000 cols sub_dt: 1 , rows sub_dt: 10000 cols data: 1 , rows data: 10000 head sub_dt: FALSE,NA,TRUE,FALSE,NA,NA,NA,FALSE,TRUE,FALSE head data: FALSE,NA,TRUE,FALSE,NA,NA,NA,FALSE,TRUE,FALSE unequals: NA uneq rows sub_dt1 NA,NA,NA,NA,NA,NA,NA,NA,NA,NA,NA,NA,NA,NA,NA,NA,NA,NA,NA,NA,NA,NA,NA,NA,NA uneq rows sub_dt2 NA,NA,NA,NA,NA,NA,NA,NA,NA,NA,NA,NA,NA,NA,NA,NA,NA,NA,NA,NA,NA,NA,NA,NA,NA uneq rows sub_dt3 NA,NA,NA,NA,NA,NA,NA,NA,NA,NA,NA,NA,NA,NA,NA,NA,NA,NA,NA,NA,NA,NA,NA,NA,NA
    
    
     *** caught segfault ***
     address f590ab5b, cause 'memory not mapped'
Flavor: r-patched-solaris-x86