CRAN Package Check Results for Package fst

Last updated on 2019-03-20 16:49:00 CET.

Flavor Version Tinstall Tcheck Ttotal Status Flags
r-devel-linux-x86_64-debian-clang 0.8.10 150.11 73.11 223.22 OK
r-devel-linux-x86_64-debian-gcc 0.8.10 100.48 51.46 151.94 OK
r-devel-linux-x86_64-fedora-clang 0.8.10 328.50 NOTE
r-devel-linux-x86_64-fedora-gcc 0.8.10 262.79 OK
r-devel-windows-ix86+x86_64 0.8.10 430.00 237.00 667.00 OK
r-patched-linux-x86_64 0.8.10 123.30 59.53 182.83 OK
r-patched-solaris-x86 0.8.10 253.20 ERROR
r-release-linux-x86_64 0.8.10 125.05 62.13 187.18 OK
r-release-windows-ix86+x86_64 0.8.10 386.00 126.00 512.00 OK
r-release-osx-x86_64 0.8.10 NOTE
r-oldrel-windows-ix86+x86_64 0.8.10 315.00 159.00 474.00 OK
r-oldrel-osx-x86_64 0.8.10 OK

Additional issues

rchk

Check Details

Version: 0.8.10
Check: installed package size
Result: NOTE
     installed size is 6.8Mb
     sub-directories of 1Mb or more:
     libs 6.6Mb
Flavors: r-devel-linux-x86_64-fedora-clang, r-release-osx-x86_64

Version: 0.8.10
Check: tests
Result: ERROR
     Running ‘testthat.R’ [0m/180m]
    Running the tests in ‘tests/testthat.R’ failed.
    Complete output:
     >
     > library(testthat)
     > library(fst)
     > library(data.table)
     > library(lintr)
     > library(bit64)
     Loading required package: bit
     Attaching package bit
     package:bit (c) 2008-2012 Jens Oehlschlaegel (GPL-2)
     creators: bit bitwhich
     coercion: as.logical as.integer as.bit as.bitwhich which
     operator: ! & | xor != ==
     querying: print length any all min max range sum summary
     bit access: length<- [ [<- [[ [[<-
     for more help type ?bit
    
     Attaching package: 'bit'
    
     The following object is masked from 'package:data.table':
    
     setattr
    
     The following object is masked from 'package:base':
    
     xor
    
     Attaching package bit64
     package:bit64 (c) 2011-2012 Jens Oehlschlaegel
     creators: integer64 seq :
     coercion: as.integer64 as.vector as.logical as.integer as.double as.character as.bin
     logical operator: ! & | xor != == < <= >= >
     arithmetic operator: + - * / %/% %% ^
     math: sign abs sqrt log log2 log10
     math: floor ceiling trunc round
     querying: is.integer64 is.vector [is.atomic} [length] format print str
     values: is.na is.nan is.finite is.infinite
     aggregation: any all min max range sum prod
     cumulation: diff cummin cummax cumsum cumprod
     access: length<- [ [<- [[ [[<-
     combine: c rep cbind rbind as.data.frame
     WARNING don't use as subscripts
     WARNING semantics differ from integer
     for more help type ?bit64
    
     Attaching package: 'bit64'
    
     The following object is masked from 'package:bit':
    
     still.identical
    
     The following objects are masked from 'package:base':
    
     %in%, :, is.double, match, order, rank
    
     >
     > source("testthat/helper_fstwrite.R") # cross-version testing
     >
     > test_check("fst")
     ── 1. Failure: Medium factor with a single NA level (@test_factor.R#130) ──────
     `dt` not equal to `data`.
     Component "A": Mean relative difference: 0.6666124
    
     ── 2. Failure: Medium factor with a single NA level (@test_factor.R#130) ──────
     to_frame(dt[offset:nrow(dt), , drop = FALSE]) not equal to `data`.
     Component "A": Mean relative difference: 0.6666124
    
     ── 3. Failure: Medium factor with a single NA level (@test_factor.R#130) ──────
     to_frame(dt[1:(nrow(dt) - cap), , drop = FALSE]) not equal to `data`.
     Component "A": Mean relative difference: 0.6666124
    
     ── 4. Failure: Medium factor with a single NA level (@test_factor.R#130) ──────
     to_frame(dt[offset:(nrow(dt) - cap), , drop = FALSE]) not equal to `data`.
     Component "A": Mean relative difference: 0.6666124
    
     ── 5. Failure: Single uncompressed vectors (@test_fst.R#105) ──────────────────
     `sub_dt` not equal to `data`.
     Component "Xint": Mean relative difference: 0.6666124
     args: col: Xint | from: 1 | to: 10000 | setColumns: | compress: 0 | tot_length 10000 cols sub_dt: 1 , rows sub_dt: 10000 cols data: 1 , rows data: 10000 head sub_dt: 1,2,3,4,5,6,7,8,9,10 head data: 1,2,3,4,5,6,7,8,9,10 unequals: 4096 uneq rows sub_dt1 4097,4098,4099,4100,4101,4102,4103,4104,4105,4106,4107,4108,4109,4110,4111,4112,4113,4114,4115,4116,4117,4118,4119,4120,4121 uneq rows sub_dt2 4097,4098,4099,4100,4101,4102,4103,4104,4105,4106,4107,4108,4109,4110,4111,4112,4113,4114,4115,4116,4117,4118,4119,4120,4121 uneq rows sub_dt3 8193,8194,8195,8196,8197,8198,8199,8200,8201,8202,8203,8204,8205,8206,8207,8208,8209,8210,8211,8212,8213,8214,8215,8216,8217
    
     ── 6. Failure: Single uncompressed vectors (@test_fst.R#105) ──────────────────
     `sub_dt` not equal to `data`.
     Component "Ylog": 'is.NA' value mismatch: 3257 in current 3287 in target
     args: col: Ylog | from: 1 | to: 10000 | setColumns: | compress: 0 | tot_length 10000 cols sub_dt: 1 , rows sub_dt: 10000 cols data: 1 , rows data: 10000 head sub_dt: NA,NA,NA,FALSE,TRUE,TRUE,TRUE,FALSE,TRUE,FALSE head data: NA,NA,NA,FALSE,TRUE,TRUE,TRUE,FALSE,TRUE,FALSE unequals: NA uneq rows sub_dt1 NA,NA,NA,NA,NA,NA,NA,NA,NA,NA,NA,NA,NA,NA,NA,NA,NA,NA,NA,NA,NA,NA,NA,NA,NA uneq rows sub_dt2 NA,NA,NA,NA,NA,NA,NA,NA,NA,NA,NA,NA,NA,NA,NA,NA,NA,NA,NA,NA,NA,NA,NA,NA,NA uneq rows sub_dt3 NA,NA,NA,NA,NA,NA,NA,NA,NA,NA,NA,NA,NA,NA,NA,NA,NA,NA,NA,NA,NA,NA,NA,NA,NA
    
     ── 7. Failure: Single uncompressed vectors (@test_fst.R#105) ──────────────────
     `sub_dt` not equal to `data`.
     Component "Zdoub": Mean relative difference: 1.422988
     args: col: Zdoub | from: 1 | to: 10000 | setColumns: | compress: 0 | tot_length 10000 cols sub_dt: 1 , rows sub_dt: 10000 cols data: 1 , rows data: 10000 head sub_dt: -1.18089565365285,0.406622051985443,0.415698602475732,0.266627557783105,-0.104578895399382,1.0650452910447,0.664596792008335,-0.697741665642072,1.68219320260679,0.44216502119747 head data: -1.18089565365285,0.406622051985443,0.415698602475732,0.266627557783105,-0.104578895399382,1.0650452910447,0.664596792008335,-0.697741665642072,1.68219320260679,0.44216502119747 unequals: 4096 uneq rows sub_dt1 0.800073641177741,-0.419606749434201,-0.390799510616659,-1.38881216308449,-0.119244206295227,0.459215636650815,0.339305877923961,-2.20686138535802,-0.660282244868228,-0.666287299917491,0.0114576494980376,-0.284789579205179,-0.897370823459541,0.624657312067738,0.233781692305046,1.74080107964012,0.357251937867128,-0.472380061785622,-0.227761343456176,-0.668318211138017,0.746948268833373,0.81493572987155,1.25757708857948,-0.994968896498285,-1.75729451442089 uneq rows sub_dt2 4097,4098,4099,4100,4101,4102,4103,4104,4105,4106,4107,4108,4109,4110,4111,4112,4113,4114,4115,4116,4117,4118,4119,4120,4121 uneq rows sub_dt3 -0.767068155457418,-1.86156399133571,1.04234836121758,1.22799922417639,0.918167429618691,0.0161165534355342,-1.4818996900993,-1.79463505686425,0.108493466686662,-0.89099265581831,-0.490239349760633,2.81369316364072,-0.160636591246127,-0.911763510044445,0.879354797157444,1.47156273027226,-0.277952068207959,0.0687874926981477,-2.43426465291933,2.34755641341597,1.68534412143701,0.431362644973531,1.00133338176711,1.15588591969051,0.952935019847349
    
     ── 8. Failure: Single uncompressed vectors (@test_fst.R#105) ──────────────────
     `sub_dt` not equal to `data`.
     Component "WFact": 3600 string mismatches
     args: col: WFact | from: 1 | to: 10000 | setColumns: | compress: 0 | tot_length 10000 cols sub_dt: 1 , rows sub_dt: 10000 cols data: 1 , rows data: 10000 head sub_dt: MXK,SK,MXK,MXK,ARK,T,BMU,U,MXK,RCFZ head data: MXK,SK,MXK,MXK,ARK,T,BMU,U,MXK,RCFZ unequals: 3600 uneq rows sub_dt1 SK,U,U,BMU,T,BMU,RCFZ,SK,MXK,MXK,BMU,ARK,U,TDOP,TDOP,U,TDOP,BMU,ARK,RCFZ,ARK,RCFZ,BMU,TDOP,TDOP uneq rows sub_dt2 4097,4098,4099,4100,4101,4102,4103,4105,4106,4107,4108,4109,4110,4111,4113,4114,4115,4118,4119,4121,4122,4124,4125,4126,4128 uneq rows sub_dt3 MXK,SK,MXK,MXK,ARK,T,BMU,MXK,RCFZ,ARK,SK,MXK,RCFZ,U,ARK,MXK,RCFZ,T,SK,BMU,RCFZ,ARK,RCFZ,MXK,SK
    
     ── 9. Failure: Single uncompressed vectors (@test_fst.R#105) ──────────────────
     `sub_dt` not equal to `data`.
     Component "Ordered": 3564 string mismatches
     args: col: Ordered | from: 1 | to: 10000 | setColumns: | compress: 0 | tot_length 10000 cols sub_dt: 1 , rows sub_dt: 10000 cols data: 1 , rows data: 10000 head sub_dt: HRKC,GJV,TI,XSAV,HRKC,HRKC,YJCM,TI,VYE,TI head data: HRKC,GJV,TI,XSAV,HRKC,HRKC,YJCM,TI,VYE,TI unequals: 3564 uneq rows sub_dt1 YJCM,VFWM,VYE,HRKC,GJV,YJCM,JK,XSAV,VFWM,JK,GJV,YJCM,HRKC,XSAV,YJCM,VFWM,VFWM,TI,XSAV,TI,VFWM,VFWM,YJCM,YJCM,VFWM uneq rows sub_dt2 4097,4098,4099,4100,4101,4102,4103,4104,4105,4106,4107,4108,4109,4110,4112,4113,4114,4116,4117,4118,4119,4120,4121,4122,4123 uneq rows sub_dt3 HRKC,GJV,TI,XSAV,HRKC,HRKC,YJCM,TI,VYE,TI,VYE,VYE,YJCM,HRKC,TI,TI,VYE,XSAV,JK,VFWM,GJV,TI,VFWM,XSAV,TI
    
     ── 10. Failure: Single uncompressed vectors (@test_fst.R#105) ─────────────────
     `sub_dt` not equal to `data`.
     Component "Date": Mean relative difference: 0.6829303
     args: col: Date | from: 1 | to: 10000 | setColumns: | compress: 0 | tot_length 10000 cols sub_dt: 1 , rows sub_dt: 10000 cols data: 1 , rows data: 10000 head sub_dt: 1996-02-25,1996-12-13,1980-08-28,1990-09-01,1996-04-28,1996-12-08,1987-01-20,1989-04-11,1987-05-23,1979-05-08 head data: 1996-02-25,1996-12-13,1980-08-28,1990-09-01,1996-04-28,1996-12-08,1987-01-20,1989-04-11,1987-05-23,1979-05-08 unequals: 4096 uneq rows sub_dt1 1984-07-16,1995-10-07,1971-07-10,1979-03-28,1990-01-31,1987-07-19,1981-03-07,1974-05-06,1973-11-22,1976-02-29,1977-03-05,1977-04-20,1991-03-27,1989-11-22,1980-10-22,1984-07-16,1995-04-21,1976-06-09,1977-05-09,1990-04-26,1977-06-13,1979-04-26,1973-04-12,1977-04-17,1988-07-28 uneq rows sub_dt2 4097,4098,4099,4100,4101,4102,4103,4104,4105,4106,4107,4108,4109,4110,4111,4112,4113,4114,4115,4116,4117,4118,4119,4120,4121 uneq rows sub_dt3 1983-02-21,1990-11-02,1978-06-30,1992-10-05,1983-02-11,1979-08-21,1972-07-11,1978-07-10,1994-06-14,1978-12-10,1979-01-27,1991-05-12,1992-03-31,1990-09-22,1990-12-31,1992-08-08,1975-11-06,1989-01-27,1994-09-09,1973-11-29,1977-10-26,1984-12-17,1983-05-04,1994-09-02,1995-06-03
    
     ── 11. Failure: Single uncompressed vectors (@test_fst.R#105) ─────────────────
     `sub_dt` not equal to `data`.
     Component "DateDouble": Mean relative difference: 0.1813955
     args: col: DateDouble | from: 1 | to: 10000 | setColumns: | compress: 0 | tot_length 10000 cols sub_dt: 1 , rows sub_dt: 10000 cols data: 1 , rows data: 10000 head sub_dt: 2015-01-02,2015-01-03,2015-01-04,2015-01-05,2015-01-06,2015-01-07,2015-01-08,2015-01-09,2015-01-10,2015-01-11 head data: 2015-01-02,2015-01-03,2015-01-04,2015-01-05,2015-01-06,2015-01-07,2015-01-08,2015-01-09,2015-01-10,2015-01-11 unequals: 4096 uneq rows sub_dt1 2026-03-21,2026-03-22,2026-03-23,2026-03-24,2026-03-25,2026-03-26,2026-03-27,2026-03-28,2026-03-29,2026-03-30,2026-03-31,2026-04-01,2026-04-02,2026-04-03,2026-04-04,2026-04-05,2026-04-06,2026-04-07,2026-04-08,2026-04-09,2026-04-10,2026-04-11,2026-04-12,2026-04-13,2026-04-14 uneq rows sub_dt2 4097,4098,4099,4100,4101,4102,4103,4104,4105,4106,4107,4108,4109,4110,4111,4112,4113,4114,4115,4116,4117,4118,4119,4120,4121 uneq rows sub_dt3 2037-06-07,2037-06-08,2037-06-09,2037-06-10,2037-06-11,2037-06-12,2037-06-13,2037-06-14,2037-06-15,2037-06-16,2037-06-17,2037-06-18,2037-06-19,2037-06-20,2037-06-21,2037-06-22,2037-06-23,2037-06-24,2037-06-25,2037-06-26,2037-06-27,2037-06-28,2037-06-29,2037-06-30,2037-07-01
    
     ── 12. Failure: Single uncompressed vectors (@test_fst.R#105) ─────────────────
     `sub_dt` not equal to `data`.
     Component "Difftime": Mean relative difference: 0.6666126
     args: col: Difftime | from: 1 | to: 10000 | setColumns: | compress: 0 | tot_length 10000 cols sub_dt: 1 , rows sub_dt: 10000 cols data: 1 , rows data: 10000 head sub_dt: 0.998721122741699,1.9987211227417,2.9987211227417,3.9987211227417,4.9987211227417,5.9987211227417,6.9987211227417,7.9987211227417,8.9987211227417,9.9987211227417 head data: 0.998721122741699,1.9987211227417,2.9987211227417,3.9987211227417,4.9987211227417,5.9987211227417,6.9987211227417,7.9987211227417,8.9987211227417,9.9987211227417 unequals: 4096 uneq rows sub_dt1 4096.99872112274,4097.99872112274,4098.99872112274,4099.99872112274,4100.99872112274,4101.99872112274,4102.99872112274,4103.99872112274,4104.99872112274,4105.99872112274,4106.99872112274,4107.99872112274,4108.99872112274,4109.99872112274,4110.99872112274,4111.99872112274,4112.99872112274,4113.99872112274,4114.99872112274,4115.99872112274,4116.99872112274,4117.99872112274,4118.99872112274,4119.99872112274,4120.99872112274 uneq rows sub_dt2 4097,4098,4099,4100,4101,4102,4103,4104,4105,4106,4107,4108,4109,4110,4111,4112,4113,4114,4115,4116,4117,4118,4119,4120,4121 uneq rows sub_dt3 8192.99872112274,8193.99872112274,8194.99872112274,8195.99872112274,8196.99872112274,8197.99872112274,8198.99872112274,8199.99872112274,8200.99872112274,8201.99872112274,8202.99872112274,8203.99872112274,8204.99872112274,8205.99872112274,8206.99872112274,8207.99872112274,8208.99872112274,8209.99872112274,8210.99872112274,8211.99872112274,8212.99872112274,8213.99872112274,8214.99872112274,8215.99872112274,8216.99872112274
    
     ── 13. Failure: Single uncompressed vectors (@test_fst.R#105) ─────────────────
     `sub_dt` not equal to `data`.
     Component "DiffTime_int": Mean relative difference: 0.6667209
     args: col: DiffTime_int | from: 1 | to: 10000 | setColumns: | compress: 0 | tot_length 10000 cols sub_dt: 1 , rows sub_dt: 10000 cols data: 1 , rows data: 10000 head sub_dt: 0,1,2,3,4,5,6,7,8,9 head data: 0,1,2,3,4,5,6,7,8,9 unequals: 4096 uneq rows sub_dt1 4096,4097,4098,4099,4100,4101,4102,4103,4104,4105,4106,4107,4108,4109,4110,4111,4112,4113,4114,4115,4116,4117,4118,4119,4120 uneq rows sub_dt2 4097,4098,4099,4100,4101,4102,4103,4104,4105,4106,4107,4108,4109,4110,4111,4112,4113,4114,4115,4116,4117,4118,4119,4120,4121 uneq rows sub_dt3 0,1,2,3,4,5,6,7,8,9,10,11,12,13,14,15,16,17,18,19,20,21,22,23,24
    
    
     *** caught segfault ***
     address 10, cause 'memory not mapped'
Flavor: r-patched-solaris-x86