CRAN Package Check Results for Package fst

Last updated on 2019-10-18 02:47:42 CEST.

Flavor Version Tinstall Tcheck Ttotal Status Flags
r-devel-linux-x86_64-debian-clang 0.9.0 120.56 71.74 192.30 NOTE
r-devel-linux-x86_64-debian-gcc 0.9.0 72.10 51.02 123.12 NOTE
r-devel-linux-x86_64-fedora-clang 0.9.0 266.00 NOTE
r-devel-linux-x86_64-fedora-gcc 0.9.0 216.90 NOTE
r-devel-windows-ix86+x86_64 0.9.0 287.00 258.00 545.00 OK
r-patched-linux-x86_64 0.9.0 78.06 65.42 143.48 OK
r-patched-solaris-x86 0.9.0 207.30 ERROR
r-release-linux-x86_64 0.9.0 75.33 65.61 140.94 OK
r-release-windows-ix86+x86_64 0.9.0 187.00 247.00 434.00 OK
r-release-osx-x86_64 0.9.0 NOTE
r-oldrel-windows-ix86+x86_64 0.9.0 196.00 115.00 311.00 OK
r-oldrel-osx-x86_64 0.9.0 NOTE

Additional issues

rchk

Check Details

Version: 0.9.0
Check: for non-standard things in the check directory
Result: NOTE
    Found the following files/directories:
     'dataset.fst'
Flavors: r-devel-linux-x86_64-debian-clang, r-devel-linux-x86_64-debian-gcc, r-devel-linux-x86_64-fedora-clang, r-devel-linux-x86_64-fedora-gcc

Version: 0.9.0
Check: installed package size
Result: NOTE
     installed size is 5.9Mb
     sub-directories of 1Mb or more:
     libs 5.7Mb
Flavors: r-devel-linux-x86_64-fedora-clang, r-release-osx-x86_64, r-oldrel-osx-x86_64

Version: 0.9.0
Check: tests
Result: ERROR
     Running ‘testthat.R’ [53s/83s]
    Running the tests in ‘tests/testthat.R’ failed.
    Complete output:
     >
     > library(testthat)
     > library(fst)
     > library(data.table)
     > library(lintr)
     > library(bit64)
     Loading required package: bit
     Attaching package bit
     package:bit (c) 2008-2012 Jens Oehlschlaegel (GPL-2)
     creators: bit bitwhich
     coercion: as.logical as.integer as.bit as.bitwhich which
     operator: ! & | xor != ==
     querying: print length any all min max range sum summary
     bit access: length<- [ [<- [[ [[<-
     for more help type ?bit
    
     Attaching package: 'bit'
    
     The following object is masked from 'package:data.table':
    
     setattr
    
     The following object is masked from 'package:base':
    
     xor
    
     Attaching package bit64
     package:bit64 (c) 2011-2012 Jens Oehlschlaegel
     creators: integer64 seq :
     coercion: as.integer64 as.vector as.logical as.integer as.double as.character as.bin
     logical operator: ! & | xor != == < <= >= >
     arithmetic operator: + - * / %/% %% ^
     math: sign abs sqrt log log2 log10
     math: floor ceiling trunc round
     querying: is.integer64 is.vector [is.atomic} [length] format print str
     values: is.na is.nan is.finite is.infinite
     aggregation: any all min max range sum prod
     cumulation: diff cummin cummax cumsum cumprod
     access: length<- [ [<- [[ [[<-
     combine: c rep cbind rbind as.data.frame
     WARNING don't use as subscripts
     WARNING semantics differ from integer
     for more help type ?bit64
    
     Attaching package: 'bit64'
    
     The following object is masked from 'package:bit':
    
     still.identical
    
     The following objects are masked from 'package:base':
    
     %in%, :, is.double, match, order, rank
    
     >
     > source("testthat/helper_fstwrite.R") # cross-version testing
     >
     > test_check("fst")
     ── 1. Failure: Medium factor with a single NA level (@test_factor.R#130) ──────
     `dt` not equal to `data`.
     Component "A": Mean relative difference: 0.6666124
    
     ── 2. Failure: Medium factor with a single NA level (@test_factor.R#130) ──────
     to_frame(dt[offset:nrow(dt), , drop = FALSE]) not equal to `data`.
     Component "A": Mean relative difference: 0.6666124
    
     ── 3. Failure: Medium factor with a single NA level (@test_factor.R#130) ──────
     to_frame(dt[1:(nrow(dt) - cap), , drop = FALSE]) not equal to `data`.
     Component "A": Mean relative difference: 0.6666124
    
     ── 4. Failure: Medium factor with a single NA level (@test_factor.R#130) ──────
     to_frame(dt[offset:(nrow(dt) - cap), , drop = FALSE]) not equal to `data`.
     Component "A": Mean relative difference: 0.6666124
    
     ── 5. Failure: Single uncompressed vectors (@test_fst.R#105) ──────────────────
     `sub_dt` not equal to `data`.
     Component "Xint": Mean relative difference: 0.6666124
     args: col: Xint | from: 1 | to: 10000 | setColumns: | compress: 0 | tot_length 10000 cols sub_dt: 1 , rows sub_dt: 10000 cols data: 1 , rows data: 10000 head sub_dt: 1,2,3,4,5,6,7,8,9,10 head data: 1,2,3,4,5,6,7,8,9,10 unequals: 4096 uneq rows sub_dt1 4097,4098,4099,4100,4101,4102,4103,4104,4105,4106,4107,4108,4109,4110,4111,4112,4113,4114,4115,4116,4117,4118,4119,4120,4121 uneq rows sub_dt2 4097,4098,4099,4100,4101,4102,4103,4104,4105,4106,4107,4108,4109,4110,4111,4112,4113,4114,4115,4116,4117,4118,4119,4120,4121 uneq rows sub_dt3 8193,8194,8195,8196,8197,8198,8199,8200,8201,8202,8203,8204,8205,8206,8207,8208,8209,8210,8211,8212,8213,8214,8215,8216,8217
    
     ── 6. Failure: Single uncompressed vectors (@test_fst.R#105) ──────────────────
     `sub_dt` not equal to `data`.
     Component "Ylog": 'is.NA' value mismatch: 3415 in current 3325 in target
     args: col: Ylog | from: 1 | to: 10000 | setColumns: | compress: 0 | tot_length 10000 cols sub_dt: 1 , rows sub_dt: 10000 cols data: 1 , rows data: 10000 head sub_dt: TRUE,TRUE,TRUE,FALSE,NA,NA,FALSE,TRUE,TRUE,TRUE head data: TRUE,TRUE,TRUE,FALSE,NA,NA,FALSE,TRUE,TRUE,TRUE unequals: NA uneq rows sub_dt1 NA,NA,NA,NA,NA,NA,NA,NA,NA,NA,NA,NA,NA,NA,NA,NA,NA,NA,NA,NA,NA,NA,NA,NA,NA uneq rows sub_dt2 NA,NA,NA,NA,NA,NA,NA,NA,NA,NA,NA,NA,NA,NA,NA,NA,NA,NA,NA,NA,NA,NA,NA,NA,NA uneq rows sub_dt3 NA,NA,NA,NA,NA,NA,NA,NA,NA,NA,NA,NA,NA,NA,NA,NA,NA,NA,NA,NA,NA,NA,NA,NA,NA
    
     ── 7. Failure: Single uncompressed vectors (@test_fst.R#105) ──────────────────
     `sub_dt` not equal to `data`.
     Component "Zdoub": Mean relative difference: 1.403108
     args: col: Zdoub | from: 1 | to: 10000 | setColumns: | compress: 0 | tot_length 10000 cols sub_dt: 1 , rows sub_dt: 10000 cols data: 1 , rows data: 10000 head sub_dt: 0.0334618103688433,-0.995478914554389,-1.61706347034387,-0.67803115213188,1.43148947711758,1.20203446391433,0.676963466823532,-1.51551997504959,-0.743309714537703,0.442769185580651 head data: 0.0334618103688433,-0.995478914554389,-1.61706347034387,-0.67803115213188,1.43148947711758,1.20203446391433,0.676963466823532,-1.51551997504959,-0.743309714537703,0.442769185580651 unequals: 4096 uneq rows sub_dt1 0.00973583176740501,0.839758732793506,-0.156851465568845,0.930155179901086,-0.809590674899523,0.958341157738844,-1.20799988153722,1.1410348981781,1.43294589253877,-0.296880317882905,1.33692420194564,1.12323133703092,-0.79259151776985,-0.828218688521564,1.74187727335278,-0.375656506569048,1.99294814688903,1.46116646929828,1.65236148107474,-0.191602141692688,0.0221292350943468,0.869244309990321,1.05073650650193,-0.0465228714362867,-0.220376898811588 uneq rows sub_dt2 4097,4098,4099,4100,4101,4102,4103,4104,4105,4106,4107,4108,4109,4110,4111,4112,4113,4114,4115,4116,4117,4118,4119,4120,4121 uneq rows sub_dt3 -1.40259966206251,0.276406919218603,-0.380609235444766,-0.706400861360836,0.409581842540305,0.557665168967187,-0.177789225975274,-1.46158209061083,-0.725659384201954,-0.529693567543947,-0.307784637310873,-0.431678190590769,-0.61878004247536,-1.25544764141034,1.82986242759972,0.339436639864961,-0.317871630529921,0.87265884905896,-0.491283461630936,0.0425471098796156,0.19411998554094,0.560295753564809,-1.94975478405056,0.135858690967775,-0.41954430785442
    
     ── 8. Failure: Single uncompressed vectors (@test_fst.R#105) ──────────────────
     `sub_dt` not equal to `data`.
     Component "WFact": 3571 string mismatches
     args: col: WFact | from: 1 | to: 10000 | setColumns: | compress: 0 | tot_length 10000 cols sub_dt: 1 , rows sub_dt: 10000 cols data: 1 , rows data: 10000 head sub_dt: XCIR,FLW,EO,XCIR,U,EO,JC,U,KXLY,FLW head data: XCIR,FLW,EO,XCIR,U,EO,JC,U,KXLY,FLW unequals: 3571 uneq rows sub_dt1 U,KXLY,U,JC,FLW,JC,FLW,XCIR,XCIR,KXLY,U,EMRU,A,JC,XCIR,A,XCIR,U,JC,A,JC,EMRU,FLW,EMRU,EO uneq rows sub_dt2 4097,4098,4099,4100,4101,4102,4104,4105,4106,4107,4108,4109,4110,4111,4112,4113,4114,4115,4116,4118,4119,4120,4121,4122,4124 uneq rows sub_dt3 XCIR,FLW,EO,XCIR,U,EO,U,KXLY,FLW,EMRU,EMRU,A,FLW,EO,A,JC,EMRU,EO,A,XCIR,XCIR,JC,JC,XCIR,XCIR
    
     ── 9. Failure: Single uncompressed vectors (@test_fst.R#105) ──────────────────
     `sub_dt` not equal to `data`.
     Component "Ordered": 3585 string mismatches
     args: col: Ordered | from: 1 | to: 10000 | setColumns: | compress: 0 | tot_length 10000 cols sub_dt: 1 , rows sub_dt: 10000 cols data: 1 , rows data: 10000 head sub_dt: F,LUJZ,IABL,LUJZ,YHJA,T,Q,F,Q,Q head data: F,LUJZ,IABL,LUJZ,YHJA,T,Q,F,Q,Q unequals: 3585 uneq rows sub_dt1 JZMA,F,Q,PO,PO,LUJZ,PO,IABL,F,PO,F,IABL,JZMA,JZMA,LUJZ,Q,YHJA,T,Q,YHJA,T,JZMA,F,JZMA,LUJZ uneq rows sub_dt2 4097,4098,4099,4100,4101,4102,4103,4104,4105,4107,4108,4109,4110,4114,4115,4116,4117,4118,4120,4121,4122,4123,4124,4125,4126 uneq rows sub_dt3 F,LUJZ,IABL,LUJZ,YHJA,T,Q,F,Q,IABL,JZMA,T,YHJA,Q,YHJA,PO,PO,JZMA,PO,T,IABL,YHJA,YHJA,Q,F
    
     ── 10. Failure: Single uncompressed vectors (@test_fst.R#105) ─────────────────
     `sub_dt` not equal to `data`.
     Component "Date": Mean relative difference: 0.660667
     args: col: Date | from: 1 | to: 10000 | setColumns: | compress: 0 | tot_length 10000 cols sub_dt: 1 , rows sub_dt: 10000 cols data: 1 , rows data: 10000 head sub_dt: 1977-09-11,1983-04-08,1971-12-07,1988-12-31,1989-11-21,1995-04-24,1978-12-14,1990-04-07,1987-10-25,1970-09-07 head data: 1977-09-11,1983-04-08,1971-12-07,1988-12-31,1989-11-21,1995-04-24,1978-12-14,1990-04-07,1987-10-25,1970-09-07 unequals: 4096 uneq rows sub_dt1 1984-09-13,1982-04-30,1983-10-25,1995-06-05,1976-07-10,1975-04-11,1986-06-03,1976-04-20,1974-08-03,1970-03-25,1984-11-16,1989-05-09,1987-01-31,1997-03-16,1990-04-10,1973-02-03,1992-11-27,1981-10-24,1975-04-08,1970-05-24,1973-11-02,1976-01-30,1972-01-03,1978-07-29,1993-06-03 uneq rows sub_dt2 4097,4098,4099,4100,4101,4102,4103,4104,4105,4106,4107,4108,4109,4110,4111,4112,4113,4114,4115,4116,4117,4118,4119,4120,4121 uneq rows sub_dt3 1980-04-20,1977-06-26,1995-03-14,1996-12-30,1970-07-18,1976-05-01,1990-03-03,1996-05-13,1990-10-24,1987-08-26,1989-01-30,1984-03-31,1984-02-24,1987-09-20,1990-07-21,1982-06-19,1991-08-19,1980-04-03,1975-11-28,1975-01-14,1987-01-15,1972-09-14,1995-11-21,1973-07-08,1989-11-16
    
     ── 11. Failure: Single uncompressed vectors (@test_fst.R#105) ─────────────────
     `sub_dt` not equal to `data`.
     Component "DateDouble": Mean relative difference: 0.1813955
     args: col: DateDouble | from: 1 | to: 10000 | setColumns: | compress: 0 | tot_length 10000 cols sub_dt: 1 , rows sub_dt: 10000 cols data: 1 , rows data: 10000 head sub_dt: 2015-01-02,2015-01-03,2015-01-04,2015-01-05,2015-01-06,2015-01-07,2015-01-08,2015-01-09,2015-01-10,2015-01-11 head data: 2015-01-02,2015-01-03,2015-01-04,2015-01-05,2015-01-06,2015-01-07,2015-01-08,2015-01-09,2015-01-10,2015-01-11 unequals: 4096 uneq rows sub_dt1 2026-03-21,2026-03-22,2026-03-23,2026-03-24,2026-03-25,2026-03-26,2026-03-27,2026-03-28,2026-03-29,2026-03-30,2026-03-31,2026-04-01,2026-04-02,2026-04-03,2026-04-04,2026-04-05,2026-04-06,2026-04-07,2026-04-08,2026-04-09,2026-04-10,2026-04-11,2026-04-12,2026-04-13,2026-04-14 uneq rows sub_dt2 4097,4098,4099,4100,4101,4102,4103,4104,4105,4106,4107,4108,4109,4110,4111,4112,4113,4114,4115,4116,4117,4118,4119,4120,4121 uneq rows sub_dt3 2037-06-07,2037-06-08,2037-06-09,2037-06-10,2037-06-11,2037-06-12,2037-06-13,2037-06-14,2037-06-15,2037-06-16,2037-06-17,2037-06-18,2037-06-19,2037-06-20,2037-06-21,2037-06-22,2037-06-23,2037-06-24,2037-06-25,2037-06-26,2037-06-27,2037-06-28,2037-06-29,2037-06-30,2037-07-01
    
     ── 12. Failure: Single uncompressed vectors (@test_fst.R#105) ─────────────────
     `sub_dt` not equal to `data`.
     Component "Difftime": Mean relative difference: 0.6666125
     args: col: Difftime | from: 1 | to: 10000 | setColumns: | compress: 0 | tot_length 10000 cols sub_dt: 1 , rows sub_dt: 10000 cols data: 1 , rows data: 10000 head sub_dt: 0.99888014793396,1.99888014793396,2.99888014793396,3.99888014793396,4.99888014793396,5.99888014793396,6.99888014793396,7.99888014793396,8.99888014793396,9.99888014793396 head data: 0.99888014793396,1.99888014793396,2.99888014793396,3.99888014793396,4.99888014793396,5.99888014793396,6.99888014793396,7.99888014793396,8.99888014793396,9.99888014793396 unequals: 4096 uneq rows sub_dt1 4096.99888014793,4097.99888014793,4098.99888014793,4099.99888014793,4100.99888014793,4101.99888014793,4102.99888014793,4103.99888014793,4104.99888014793,4105.99888014793,4106.99888014793,4107.99888014793,4108.99888014793,4109.99888014793,4110.99888014793,4111.99888014793,4112.99888014793,4113.99888014793,4114.99888014793,4115.99888014793,4116.99888014793,4117.99888014793,4118.99888014793,4119.99888014793,4120.99888014793 uneq rows sub_dt2 4097,4098,4099,4100,4101,4102,4103,4104,4105,4106,4107,4108,4109,4110,4111,4112,4113,4114,4115,4116,4117,4118,4119,4120,4121 uneq rows sub_dt3 8192.99888014793,8193.99888014793,8194.99888014793,8195.99888014793,8196.99888014793,8197.99888014793,8198.99888014793,8199.99888014793,8200.99888014793,8201.99888014793,8202.99888014793,8203.99888014793,8204.99888014793,8205.99888014793,8206.99888014793,8207.99888014793,8208.99888014793,8209.99888014793,8210.99888014793,8211.99888014793,8212.99888014793,8213.99888014793,8214.99888014793,8215.99888014793,8216.99888014793
    
     ── 13. Failure: Single uncompressed vectors (@test_fst.R#105) ─────────────────
     `sub_dt` not equal to `data`.
     Component "DiffTime_int": Mean relative difference: 0.6667209
     args: col: DiffTime_int | from: 1 | to: 10000 | setColumns: | compress: 0 | tot_length 10000 cols sub_dt: 1 , rows sub_dt: 10000 cols data: 1 , rows data: 10000 head sub_dt: 0,1,2,3,4,5,6,7,8,9 head data: 0,1,2,3,4,5,6,7,8,9 unequals: 4096 uneq rows sub_dt1 4096,4097,4098,4099,4100,4101,4102,4103,4104,4105,4106,4107,4108,4109,4110,4111,4112,4113,4114,4115,4116,4117,4118,4119,4120 uneq rows sub_dt2 4097,4098,4099,4100,4101,4102,4103,4104,4105,4106,4107,4108,4109,4110,4111,4112,4113,4114,4115,4116,4117,4118,4119,4120,4121 uneq rows sub_dt3 8192,8193,8194,8195,8196,8197,8198,8199,8200,8201,8202,8203,8204,8205,8206,8207,8208,8209,8210,8211,8212,8213,8214,8215,8216
    
     ── 14. Failure: Single weakly compressed vectors (@test_fst.R#120) ────────────
     `sub_dt` not equal to `data`.
     Component "Xint": 'is.NA' value mismatch: 3 in current 0 in target
     args: col: Xint | from: 1 | to: 10000 | setColumns: | compress: 30 | tot_length 10000 cols sub_dt: 1 , rows sub_dt: 10000 cols data: 1 , rows data: 10000 head sub_dt: 1,2,3,4,5,6,7,8,9,10 head data: 1,2,3,4,5,6,7,8,9,10 unequals: NA uneq rows sub_dt1 4097,4098,4099,4100,4101,4102,4103,4104,4105,4106,4107,4108,4109,4110,4111,4112,4113,4114,4115,4116,4117,4118,4119,4120,4121 uneq rows sub_dt2 4097,4098,4099,4100,4101,4102,4103,4104,4105,4106,4107,4108,4109,4110,4111,4112,4113,4114,4115,4116,4117,4118,4119,4120,4121 uneq rows sub_dt3 4,4,65781,65782,0,12189696,0,0,218103812,65540,-738131721,9502968,867893248,0,0,-805306368,65540,0,9568504,0,0,0,0,0,458759
    
     ── 15. Failure: Single weakly compressed vectors (@test_fst.R#120) ────────────
     `sub_dt` not equal to `data`.
     Component "Ylog": 'is.NA' value mismatch: 2689 in current 3325 in target
     args: col: Ylog | from: 1 | to: 10000 | setColumns: | compress: 30 | tot_length 10000 cols sub_dt: 1 , rows sub_dt: 10000 cols data: 1 , rows data: 10000 head sub_dt: TRUE,TRUE,TRUE,FALSE,NA,NA,FALSE,TRUE,TRUE,TRUE head data: TRUE,TRUE,TRUE,FALSE,NA,NA,FALSE,TRUE,TRUE,TRUE unequals: NA uneq rows sub_dt1 NA,NA,NA,NA,NA,NA,NA,NA,NA,NA,NA,NA,NA,NA,NA,NA,NA,NA,NA,NA,NA,NA,NA,NA,NA uneq rows sub_dt2 NA,NA,NA,NA,NA,NA,NA,NA,NA,NA,NA,NA,NA,NA,NA,NA,NA,NA,NA,NA,NA,NA,NA,NA,NA uneq rows sub_dt3 NA,NA,NA,NA,NA,NA,NA,NA,NA,NA,NA,NA,NA,NA,NA,NA,NA,NA,NA,NA,NA,NA,NA,NA,NA
    
    
     *** caught segfault ***
     address fcc41520, cause 'memory not mapped'
    
     Traceback:
     1: fstretrieve(fileName, columns, from, to)
     2: read_fst(path, columns, from, to, as.data.table)
     3: fstreadproxy("FactorStore/data1.fst", columns = sel_columns, from = from, to = to)
     4: test_write_read(x, compress = 30L)
     5: FUN(X[[i]], ...)
     6: lapply(X = X, FUN = FUN, ...)
     7: sapply(colNames, function(x) { test_write_read(x, compress = 30L)})
     8: eval(code, test_env)
     9: eval(code, test_env)
     10: withCallingHandlers({ eval(code, test_env) if (!handled && !is.null(test)) { skip_empty() }}, expectation = handle_expectation, skip = handle_skip, warning = handle_warning, message = handle_message, error = handle_error)
     11: doTryCatch(return(expr), name, parentenv, handler)
     12: tryCatchOne(expr, names, parentenv, handlers[[1L]])
     13: tryCatchList(expr, names[-nh], parentenv, handlers[-nh])
     14: doTryCatch(return(expr), name, parentenv, handler)
     15: tryCatchOne(tryCatchList(expr, names[-nh], parentenv, handlers[-nh]), names[nh], parentenv, handlers[[nh]])
     16: tryCatchList(expr, classes, parentenv, handlers)
     17: tryCatch(withCallingHandlers({ eval(code, test_env) if (!handled && !is.null(test)) { skip_empty() }}, expectation = handle_expectation, skip = handle_skip, warning = handle_warning, message = handle_message, error = handle_error), error = handle_fatal, skip = function(e) { })
     18: test_code(desc, code, env = parent.frame())
     19: test_that("Single weakly compressed vectors", { sapply(colNames, function(x) { test_write_read(x, compress = 30L) })})
     20: eval(code, test_env)
     21: eval(code, test_env)
     22: withCallingHandlers({ eval(code, test_env) if (!handled && !is.null(test)) { skip_empty() }}, expectation = handle_expectation, skip = handle_skip, warning = handle_warning, message = handle_message, error = handle_error)
     23: doTryCatch(return(expr), name, parentenv, handler)
     24: tryCatchOne(expr, names, parentenv, handlers[[1L]])
     25: tryCatchList(expr, names[-nh], parentenv, handlers[-nh])
     26: doTryCatch(return(expr), name, parentenv, handler)
     27: tryCatchOne(tryCatchList(expr, names[-nh], parentenv, handlers[-nh]), names[nh], parentenv, handlers[[nh]])
     28: tryCatchList(expr, classes, parentenv, handlers)
     29: tryCatch(withCallingHandlers({ eval(code, test_env) if (!handled && !is.null(test)) { skip_empty() }}, expectation = handle_expectation, skip = handle_skip, warning = handle_warning, message = handle_message, error = handle_error), error = handle_fatal, skip = function(e) { })
     30: test_code(NULL, exprs, env)
     31: source_file(path, new.env(parent = env), chdir = TRUE, wrap = wrap)
     32: force(code)
     33: with_reporter(reporter = reporter, start_end_reporter = start_end_reporter, { reporter$start_file(basename(path)) lister$start_file(basename(path)) source_file(path, new.env(parent = env), chdir = TRUE, wrap = wrap) reporter$.end_context() reporter$end_file() })
     34: FUN(X[[i]], ...)
     35: lapply(paths, test_file, env = env, reporter = current_reporter, start_end_reporter = FALSE, load_helpers = FALSE, wrap = wrap)
     36: force(code)
     37: with_reporter(reporter = current_reporter, results <- lapply(paths, test_file, env = env, reporter = current_reporter, start_end_reporter = FALSE, load_helpers = FALSE, wrap = wrap))
     38: test_files(paths, reporter = reporter, env = env, stop_on_failure = stop_on_failure, stop_on_warning = stop_on_warning, wrap = wrap)
     39: test_dir(path = test_path, reporter = reporter, env = env, filter = filter, ..., stop_on_failure = stop_on_failure, stop_on_warning = stop_on_warning, wrap = wrap)
     40: test_package_dir(package = package, test_path = test_path, filter = filter, reporter = reporter, ..., stop_on_failure = stop_on_failure, stop_on_warning = stop_on_warning, wrap = wrap)
     41: test_check("fst")
     An irrecoverable exception occurred. R is aborting now ...
Flavor: r-patched-solaris-x86