CRAN Package Check Results for Package fsr

Last updated on 2024-02-29 18:20:21 CET.

Flavor Version Tinstall Tcheck Ttotal Status Flags
r-devel-linux-x86_64-debian-clang 2.0.1 11.76 99.46 111.22 OK
r-devel-linux-x86_64-debian-gcc 2.0.1 10.17 75.06 85.23 OK
r-devel-linux-x86_64-fedora-clang 2.0.1 136.53 OK
r-devel-linux-x86_64-fedora-gcc 2.0.1 130.02 OK
r-devel-windows-x86_64 2.0.1 12.00 93.00 105.00 OK
r-patched-linux-x86_64 2.0.1 11.70 94.81 106.51 WARN
r-release-linux-x86_64 2.0.1 14.06 94.44 108.50 WARN
r-release-macos-arm64 2.0.1 42.00 OK
r-release-macos-x86_64 2.0.1 114.00 OK
r-release-windows-x86_64 2.0.1 15.00 110.00 125.00 WARN
r-oldrel-macos-arm64 2.0.1 40.00 OK
r-oldrel-windows-x86_64 2.0.1 16.00 105.00 121.00 WARN

Check Details

Version: 2.0.1
Check: examples
Result: WARN Found the following significant warnings: Warning: 'lwgeom::st_perimeter' is deprecated. Warning: 'lwgeom::st_perimeter' is deprecated. Warning: 'lwgeom::st_perimeter' is deprecated. Warning: 'lwgeom::st_perimeter' is deprecated. Deprecated functions may be defunct as soon as of the next release of R. See ?Deprecated. Flavors: r-patched-linux-x86_64, r-release-linux-x86_64, r-release-windows-x86_64, r-oldrel-windows-x86_64