CRAN Package Check Results for Package fsdaR

Last updated on 2019-09-15 08:47:17 CEST.

Flavor Version Tinstall Tcheck Ttotal Status Flags
r-devel-linux-x86_64-debian-clang 0.4-6 10.39 80.65 91.04 OK
r-devel-linux-x86_64-debian-gcc 0.4-6 9.97 61.34 71.31 OK
r-devel-linux-x86_64-fedora-clang 0.4-6 104.52 OK
r-devel-linux-x86_64-fedora-gcc 0.4-6 103.50 OK
r-devel-windows-ix86+x86_64 0.4-6 24.00 6.00 30.00 ERROR
r-patched-linux-x86_64 0.4-6 11.11 77.30 88.41 OK
r-patched-solaris-x86 0.4-6 140.60 OK
r-release-linux-x86_64 0.4-6 10.11 76.54 86.65 OK
r-release-windows-ix86+x86_64 0.4-6 23.00 90.00 113.00 OK
r-release-osx-x86_64 0.4-6 OK
r-oldrel-windows-ix86+x86_64 0.4-6 22.00 79.00 101.00 OK
r-oldrel-osx-x86_64 0.4-6 OK

Check Details

Version: 0.4-6
Check: whether package can be installed
Result: ERROR
    Installation failed.
Flavor: r-devel-windows-ix86+x86_64