CRAN Package Check Results for Package fs

Last updated on 2019-11-18 23:51:21 CET.

Flavor Version Tinstall Tcheck Ttotal Status Flags
r-devel-linux-x86_64-debian-clang 1.3.1 91.03 46.70 137.73 NOTE
r-devel-linux-x86_64-debian-gcc 1.3.1 55.85 42.93 98.78 NOTE
r-devel-linux-x86_64-fedora-clang 1.3.1 192.81 NOTE
r-devel-linux-x86_64-fedora-gcc 1.3.1 169.67 NOTE
r-devel-windows-ix86+x86_64 1.3.1 276.00 114.00 390.00 NOTE
r-patched-linux-x86_64 1.3.1 70.29 50.71 121.00 NOTE
r-patched-solaris-x86 1.3.1 156.70 NOTE
r-release-linux-x86_64 1.3.1 62.84 51.08 113.92 NOTE
r-release-windows-ix86+x86_64 1.3.1 199.00 124.00 323.00 NOTE
r-release-osx-x86_64 1.3.1 NOTE
r-oldrel-windows-ix86+x86_64 1.3.1 280.00 77.00 357.00 NOTE
r-oldrel-osx-x86_64 1.3.1 NOTE

Check Details

Version: 1.3.1
Check: for GNU extensions in Makefiles
Result: NOTE
    GNU make is a SystemRequirements.
Flavors: r-devel-linux-x86_64-debian-clang, r-devel-linux-x86_64-debian-gcc, r-devel-linux-x86_64-fedora-clang, r-devel-linux-x86_64-fedora-gcc, r-devel-windows-ix86+x86_64, r-patched-linux-x86_64, r-patched-solaris-x86, r-release-linux-x86_64, r-release-windows-ix86+x86_64, r-release-osx-x86_64, r-oldrel-windows-ix86+x86_64, r-oldrel-osx-x86_64