Last updated on 2023-06-09 10:59:10 CEST.
Flavor | Version | Tinstall | Tcheck | Ttotal | Status | Flags |
---|---|---|---|---|---|---|
r-devel-linux-x86_64-debian-clang | 1.6.2 | 47.67 | 70.03 | 117.70 | NOTE | |
r-devel-linux-x86_64-debian-gcc | 1.6.2 | 33.48 | 54.76 | 88.24 | NOTE | |
r-devel-linux-x86_64-fedora-clang | 1.6.2 | 169.82 | NOTE | |||
r-devel-linux-x86_64-fedora-gcc | 1.6.2 | 170.28 | NOTE | |||
r-devel-windows-x86_64 | 1.6.2 | 76.00 | 76.00 | 152.00 | NOTE | |
r-patched-linux-x86_64 | 1.6.2 | 39.73 | 67.76 | 107.49 | NOTE | |
r-release-linux-x86_64 | 1.6.2 | 39.89 | 68.39 | 108.28 | NOTE | |
r-release-macos-arm64 | 1.6.2 | 96.00 | NOTE | |||
r-release-macos-x86_64 | 1.6.1 | 112.00 | NOTE | |||
r-release-windows-x86_64 | 1.6.2 | 85.00 | 83.00 | 168.00 | NOTE | |
r-oldrel-macos-arm64 | 1.6.2 | 99.00 | NOTE | |||
r-oldrel-macos-x86_64 | 1.6.2 | 138.00 | NOTE | |||
r-oldrel-windows-x86_64 | 1.6.2 | 86.00 | 80.00 | 166.00 | NOTE |
Version: 1.6.2
Check: for GNU extensions in Makefiles
Result: NOTE
GNU make is a SystemRequirements.
Flavors: r-devel-linux-x86_64-debian-clang, r-devel-linux-x86_64-debian-gcc, r-devel-linux-x86_64-fedora-clang, r-devel-linux-x86_64-fedora-gcc, r-devel-windows-x86_64, r-patched-linux-x86_64, r-release-linux-x86_64, r-release-macos-arm64, r-release-windows-x86_64, r-oldrel-macos-arm64, r-oldrel-macos-x86_64, r-oldrel-windows-x86_64
Version: 1.6.1
Check: for GNU extensions in Makefiles
Result: NOTE
GNU make is a SystemRequirements.
Flavor: r-release-macos-x86_64