CRAN Package Check Results for Package fs

Last updated on 2020-01-29 09:51:43 CET.

Flavor Version Tinstall Tcheck Ttotal Status Flags
r-devel-linux-x86_64-debian-clang 1.3.1 92.67 47.63 140.30 NOTE
r-devel-linux-x86_64-debian-gcc 1.3.1 53.30 42.96 96.26 NOTE
r-devel-linux-x86_64-fedora-clang 1.3.1 194.17 NOTE
r-devel-linux-x86_64-fedora-gcc 1.3.1 170.86 NOTE
r-devel-windows-ix86+x86_64 1.3.1 197.00 126.00 323.00 NOTE
r-devel-windows-ix86+x86_64-gcc8 1.3.1 271.00 92.00 363.00 NOTE
r-patched-linux-x86_64 1.3.1 NOTE
r-patched-solaris-x86 1.3.1 149.20 NOTE
r-release-linux-x86_64 1.3.1 66.43 48.46 114.89 NOTE
r-release-windows-ix86+x86_64 1.3.1 201.00 76.00 277.00 NOTE
r-release-osx-x86_64 1.3.1 NOTE
r-oldrel-windows-ix86+x86_64 1.3.1 270.00 79.00 349.00 NOTE
r-oldrel-osx-x86_64 1.3.1 NOTE

Check Details

Version: 1.3.1
Check: for GNU extensions in Makefiles
Result: NOTE
    GNU make is a SystemRequirements.
Flavors: r-devel-linux-x86_64-debian-clang, r-devel-linux-x86_64-debian-gcc, r-devel-linux-x86_64-fedora-clang, r-devel-linux-x86_64-fedora-gcc, r-devel-windows-ix86+x86_64, r-devel-windows-ix86+x86_64-gcc8, r-patched-linux-x86_64, r-patched-solaris-x86, r-release-linux-x86_64, r-release-windows-ix86+x86_64, r-release-osx-x86_64, r-oldrel-windows-ix86+x86_64, r-oldrel-osx-x86_64