CRAN Package Check Results for Package fs

Last updated on 2020-07-03 17:48:23 CEST.

Flavor Version Tinstall Tcheck Ttotal Status Flags
r-devel-linux-x86_64-debian-clang 1.4.2 39.11 39.08 78.19 NOTE
r-devel-linux-x86_64-debian-gcc 1.4.2 27.66 35.57 63.23 NOTE
r-devel-linux-x86_64-fedora-clang 1.4.2 121.69 NOTE
r-devel-linux-x86_64-fedora-gcc 1.4.2 107.86 NOTE
r-devel-windows-ix86+x86_64 1.4.1 161.00 94.00 255.00 NOTE
r-patched-linux-x86_64 1.4.2 29.64 45.59 75.23 NOTE
r-patched-solaris-x86 1.4.2 99.80 NOTE
r-release-linux-x86_64 1.4.2 29.45 45.63 75.08 NOTE
r-release-osx-x86_64 1.4.1 WARN
r-release-windows-ix86+x86_64 1.4.1 136.00 89.00 225.00 NOTE
r-oldrel-osx-x86_64 1.4.2 NOTE
r-oldrel-windows-ix86+x86_64 1.4.1 119.00 100.00 219.00 NOTE

Check Details

Version: 1.4.2
Check: for GNU extensions in Makefiles
Result: NOTE
    GNU make is a SystemRequirements.
Flavors: r-devel-linux-x86_64-debian-clang, r-devel-linux-x86_64-debian-gcc, r-devel-linux-x86_64-fedora-clang, r-devel-linux-x86_64-fedora-gcc, r-patched-linux-x86_64, r-patched-solaris-x86, r-release-linux-x86_64, r-oldrel-osx-x86_64

Version: 1.4.1
Check: for GNU extensions in Makefiles
Result: NOTE
    GNU make is a SystemRequirements.
Flavors: r-devel-windows-ix86+x86_64, r-release-osx-x86_64, r-release-windows-ix86+x86_64, r-oldrel-windows-ix86+x86_64

Version: 1.4.1
Check: re-building of vignette outputs
Result: WARN
    Error(s) in re-building vignettes:
     ...
    --- re-building ‘function-comparisons.Rmd’ using rmarkdown
    Error: processing vignette 'function-comparisons.Rmd' failed with diagnostics:
    there is no package called 'stringi'
    --- failed re-building ‘function-comparisons.Rmd’
    
    SUMMARY: processing the following file failed:
     ‘function-comparisons.Rmd’
    
    Error: Vignette re-building failed.
    Execution halted
Flavor: r-release-osx-x86_64