CRAN Package Check Results for Package fritools

Last updated on 2021-04-15 22:51:08 CEST.

Flavor Version Tinstall Tcheck Ttotal Status Flags
r-devel-linux-x86_64-debian-clang 1.4.0 2.67 31.57 34.24 NOTE
r-devel-linux-x86_64-debian-gcc 1.4.0 2.26 25.18 27.44 NOTE
r-devel-linux-x86_64-fedora-clang 1.4.0 51.65 NOTE
r-devel-linux-x86_64-fedora-gcc 1.4.0 41.52 NOTE
r-devel-windows-ix86+x86_64 1.4.0 7.00 55.00 62.00 NOTE
r-devel-windows-x86_64-gcc10-UCRT 1.4.0 NOTE
r-patched-linux-x86_64 1.4.0 2.56 30.64 33.20 OK
r-patched-solaris-x86 1.4.0 62.40 OK
r-release-linux-x86_64 1.4.0 2.69 30.58 33.27 OK
r-release-macos-x86_64 1.4.0 OK
r-release-windows-ix86+x86_64 1.4.0 6.00 68.00 74.00 OK
r-oldrel-macos-x86_64 1.4.0 OK
r-oldrel-windows-ix86+x86_64 1.4.0 6.00 40.00 46.00 OK

Check Details

Version: 1.4.0
Check: LazyData
Result: NOTE
     'LazyData' is specified without a 'data' directory
Flavors: r-devel-linux-x86_64-debian-clang, r-devel-linux-x86_64-debian-gcc, r-devel-linux-x86_64-fedora-clang, r-devel-linux-x86_64-fedora-gcc, r-devel-windows-ix86+x86_64, r-devel-windows-x86_64-gcc10-UCRT