CRAN Package Check Results for Package friends

Last updated on 2022-11-26 22:03:53 CET.

Flavor Version Tinstall Tcheck Ttotal Status Flags
r-devel-linux-x86_64-debian-clang 0.1.0 4.85 37.11 41.96 OK
r-devel-linux-x86_64-debian-gcc 0.1.0 4.93 29.22 34.15 OK
r-devel-linux-x86_64-fedora-clang 0.1.0 63.26 NOTE
r-devel-linux-x86_64-fedora-gcc 0.1.0 60.63 NOTE
r-devel-windows-x86_64 0.1.0 15.00 67.00 82.00 OK
r-patched-linux-x86_64 0.1.0 OK
r-release-linux-x86_64 0.1.0 3.89 35.88 39.77 OK
r-release-macos-arm64 0.1.0 18.00 NOTE
r-release-macos-x86_64 0.1.0 28.00 NOTE
r-release-windows-x86_64 0.1.0 18.00 66.00 84.00 OK
r-oldrel-macos-arm64 0.1.0 24.00 NOTE
r-oldrel-macos-x86_64 0.1.0 30.00 NOTE
r-oldrel-windows-ix86+x86_64 0.1.0 12.00 57.00 69.00 OK

Check Details

Version: 0.1.0
Check: data for non-ASCII characters
Result: NOTE
     Note: found 50 marked UTF-8 strings
Flavors: r-devel-linux-x86_64-fedora-clang, r-devel-linux-x86_64-fedora-gcc, r-release-macos-arm64, r-release-macos-x86_64, r-oldrel-macos-arm64, r-oldrel-macos-x86_64