CRAN Package Check Results for Package freetypeharfbuzz

Last updated on 2019-07-15 22:55:01 CEST.

Flavor Version Tinstall Tcheck Ttotal Status Flags
r-devel-linux-x86_64-debian-clang 0.2.5 163.28 17.66 180.94 OK
r-devel-linux-x86_64-debian-gcc 0.2.5 112.01 14.52 126.53 OK
r-devel-linux-x86_64-fedora-clang 0.2.5 250.92 NOTE
r-devel-linux-x86_64-fedora-gcc 0.2.5 226.71 NOTE
r-devel-windows-ix86+x86_64 0.2.5 48.00 43.00 91.00 OK
r-patched-linux-x86_64 0.2.5 138.81 17.61 156.42 OK
r-patched-solaris-x86 0.2.5 231.50 OK
r-release-linux-x86_64 0.2.5 134.67 17.58 152.25 OK
r-release-windows-ix86+x86_64 0.2.5 38.00 64.00 102.00 OK
r-release-osx-x86_64 0.2.5 NOTE
r-oldrel-windows-ix86+x86_64 0.2.5 42.00 48.00 90.00 OK
r-oldrel-osx-x86_64 0.2.5 NOTE

Additional issues

gcc-UBSAN LTO

Check Details

Version: 0.2.5
Check: installed package size
Result: NOTE
     installed size is 6.3Mb
     sub-directories of 1Mb or more:
     libs 6.2Mb
Flavors: r-devel-linux-x86_64-fedora-clang, r-release-osx-x86_64, r-oldrel-osx-x86_64

Version: 0.2.5
Check: for GNU extensions in Makefiles
Result: NOTE
    GNU make is a SystemRequirements.
Flavors: r-devel-linux-x86_64-fedora-clang, r-devel-linux-x86_64-fedora-gcc