CRAN Package Check Results for Package freetypeharfbuzz

Last updated on 2019-04-25 00:47:26 CEST.

Flavor Version Tinstall Tcheck Ttotal Status Flags
r-devel-linux-x86_64-debian-clang 0.2.5 168.61 17.73 186.34 OK
r-devel-linux-x86_64-debian-gcc 0.2.5 116.97 14.50 131.47 OK
r-devel-linux-x86_64-fedora-clang 0.2.5 250.62 NOTE
r-devel-linux-x86_64-fedora-gcc 0.2.5 213.70 NOTE
r-devel-windows-ix86+x86_64 0.2.5 32.00 44.00 76.00 OK
r-patched-linux-x86_64 0.2.5 134.57 17.56 152.13 OK
r-patched-solaris-x86 0.2.5 226.60 OK
r-release-linux-x86_64 0.2.5 134.32 16.83 151.15 OK
r-release-windows-ix86+x86_64 0.2.5 24.00 59.00 83.00 OK
r-release-osx-x86_64 0.2.5 NOTE
r-oldrel-windows-ix86+x86_64 0.2.5 25.00 40.00 65.00 OK
r-oldrel-osx-x86_64 0.2.5 NOTE

Additional issues

gcc-UBSAN

Check Details

Version: 0.2.5
Check: installed package size
Result: NOTE
     installed size is 6.3Mb
     sub-directories of 1Mb or more:
     libs 6.2Mb
Flavors: r-devel-linux-x86_64-fedora-clang, r-release-osx-x86_64, r-oldrel-osx-x86_64

Version: 0.2.5
Check: for GNU extensions in Makefiles
Result: NOTE
    GNU make is a SystemRequirements.
Flavors: r-devel-linux-x86_64-fedora-clang, r-devel-linux-x86_64-fedora-gcc