CRAN Package Check Results for Package freesurfer

Last updated on 2020-07-14 23:48:01 CEST.

Flavor Version Tinstall Tcheck Ttotal Status Flags
r-devel-linux-x86_64-debian-clang 1.6.7 7.67 60.70 68.37 OK
r-devel-linux-x86_64-debian-gcc 1.6.7 5.58 47.39 52.97 OK
r-devel-linux-x86_64-fedora-clang 1.6.7 90.16 OK
r-devel-linux-x86_64-fedora-gcc 1.6.7 85.10 OK
r-devel-windows-ix86+x86_64 1.6.7 29.00 104.00 133.00 OK
r-patched-linux-x86_64 1.6.7 6.58 60.86 67.44 OK
r-patched-solaris-x86 1.6.7 112.40 OK
r-release-linux-x86_64 1.6.7 6.82 60.81 67.63 OK
r-release-macos-x86_64 1.6.7 ERROR
r-release-windows-ix86+x86_64 1.6.7 23.00 74.00 97.00 OK
r-oldrel-macos-x86_64 1.6.7 OK
r-oldrel-windows-ix86+x86_64 1.6.7 19.00 101.00 120.00 OK

Check Details

Version: 1.6.7
Check: whether package can be installed
Result: ERROR
    Installation failed.
Flavor: r-release-macos-x86_64