Last updated on 2023-10-03 12:08:38 CEST.
Flavor | Version | Tinstall | Tcheck | Ttotal | Status | Flags |
---|---|---|---|---|---|---|
r-devel-linux-x86_64-debian-clang | 2.5 | 9.27 | 89.78 | 99.05 | OK | |
r-devel-linux-x86_64-debian-gcc | 2.5 | 7.36 | 66.62 | 73.98 | OK | |
r-devel-linux-x86_64-fedora-clang | 2.5 | 118.21 | OK | |||
r-devel-linux-x86_64-fedora-gcc | 2.5 | 114.86 | OK | |||
r-devel-windows-x86_64 | 2.5 | 10.00 | 96.00 | 106.00 | OK | |
r-patched-linux-x86_64 | 2.5 | 5.27 | 86.63 | 91.90 | OK | |
r-release-linux-x86_64 | 2.5 | 6.75 | 86.92 | 93.67 | OK | |
r-release-macos-arm64 | 2.5 | 39.00 | OK | |||
r-release-macos-x86_64 | 2.5 | 56.00 | NOTE | |||
r-release-windows-x86_64 | 2.5 | 12.00 | 105.00 | 117.00 | OK | |
r-oldrel-macos-arm64 | 2.5 | 35.00 | OK | |||
r-oldrel-macos-x86_64 | 2.5 | 61.00 | OK | |||
r-oldrel-windows-x86_64 | 2.5 | 12.00 | 103.00 | 115.00 | OK |
Version: 2.5
Check: package dependencies
Result: NOTE
Package suggested but not available for checking: ‘Mcomp’
Flavor: r-release-macos-x86_64