Last updated on 2022-06-28 15:53:17 CEST.
Flavor | Version | Tinstall | Tcheck | Ttotal | Status | Flags |
---|---|---|---|---|---|---|
r-devel-linux-x86_64-debian-clang | 1.0.0 | 40.26 | 89.46 | 129.72 | OK | |
r-devel-linux-x86_64-debian-gcc | 1.0.0 | 29.23 | 60.83 | 90.06 | OK | |
r-devel-linux-x86_64-fedora-clang | 1.0.0 | 164.49 | OK | |||
r-devel-linux-x86_64-fedora-gcc | 1.0.0 | 147.13 | OK | |||
r-devel-windows-x86_64 | 1.0.0 | 40.00 | 128.00 | 168.00 | OK | |
r-patched-linux-x86_64 | 1.0.0 | 26.97 | 76.93 | 103.90 | OK | |
r-release-linux-x86_64 | 1.0.0 | 25.23 | 75.93 | 101.16 | OK | |
r-release-macos-arm64 | 1.0.0 | 50.00 | OK | |||
r-release-macos-x86_64 | 1.0.0 | 70.00 | NOTE | |||
r-release-windows-x86_64 | 1.0.0 | 45.00 | 130.00 | 175.00 | OK | |
r-oldrel-macos-arm64 | 1.0.0 | 63.00 | OK | |||
r-oldrel-macos-x86_64 | 1.0.0 | 79.00 | OK | |||
r-oldrel-windows-ix86+x86_64 | 1.0.0 | 77.00 | 124.00 | 201.00 | OK |
Version: 1.0.0
Check: package dependencies
Result: NOTE
Package suggested but not available for checking: ‘pdftools’
Flavor: r-release-macos-x86_64