CRAN Package Check Results for Package fpest

Last updated on 2022-12-09 01:50:28 CET.

Flavor Version Tinstall Tcheck Ttotal Status Flags
r-devel-linux-x86_64-debian-clang 0.1.1 1.63 20.63 22.26 NOTE
r-devel-linux-x86_64-debian-gcc 0.1.1 1.26 15.89 17.15 NOTE
r-devel-linux-x86_64-fedora-clang 0.1.1 38.47 NOTE
r-devel-linux-x86_64-fedora-gcc 0.1.1 36.87 NOTE
r-devel-windows-x86_64 0.1.1 8.00 42.00 50.00 NOTE
r-patched-linux-x86_64 0.1.1 1.76 19.05 20.81 NOTE
r-release-linux-x86_64 0.1.1 1.78 19.68 21.46 NOTE
r-release-macos-arm64 0.1.1 13.00 NOTE
r-release-macos-x86_64 0.1.1 18.00 NOTE
r-release-windows-x86_64 0.1.1 4.00 41.00 45.00 NOTE
r-oldrel-macos-arm64 0.1.1 15.00 NOTE
r-oldrel-macos-x86_64 0.1.1 22.00 NOTE
r-oldrel-windows-ix86+x86_64 0.1.1 6.00 22.00 28.00 NOTE

Check Details

Version: 0.1.1
Check: LazyData
Result: NOTE
     'LazyData' is specified without a 'data' directory
Flavors: r-devel-linux-x86_64-debian-clang, r-devel-linux-x86_64-debian-gcc, r-devel-linux-x86_64-fedora-clang, r-devel-linux-x86_64-fedora-gcc, r-devel-windows-x86_64, r-patched-linux-x86_64, r-release-linux-x86_64, r-release-macos-arm64, r-release-macos-x86_64, r-release-windows-x86_64, r-oldrel-macos-arm64, r-oldrel-macos-x86_64, r-oldrel-windows-ix86+x86_64