Last updated on 2022-08-16 04:53:38 CEST.
Flavor | Version | Tinstall | Tcheck | Ttotal | Status | Flags |
---|---|---|---|---|---|---|
r-devel-linux-x86_64-debian-clang | 1.0.0 | 27.95 | 385.18 | 413.13 | NOTE | |
r-devel-linux-x86_64-debian-gcc | 1.0.0 | 21.72 | 285.16 | 306.88 | NOTE | |
r-devel-linux-x86_64-fedora-clang | 1.0.0 | 486.62 | NOTE | |||
r-devel-linux-x86_64-fedora-gcc | 1.0.0 | 487.79 | NOTE | |||
r-devel-windows-x86_64 | 1.0.0 | 25.00 | 379.00 | 404.00 | NOTE | |
r-patched-linux-x86_64 | 1.0.0 | 30.55 | 373.32 | 403.87 | NOTE | |
r-release-linux-x86_64 | 1.0.0 | 30.30 | 375.58 | 405.88 | NOTE | |
r-release-macos-arm64 | 1.0.0 | 108.00 | NOTE | |||
r-release-macos-x86_64 | 1.0.0 | 157.00 | NOTE | |||
r-release-windows-x86_64 | 1.0.0 | 29.00 | 386.00 | 415.00 | NOTE | |
r-oldrel-macos-arm64 | 1.0.0 | 66.00 | NOTE | |||
r-oldrel-macos-x86_64 | 1.0.0 | 139.00 | NOTE | |||
r-oldrel-windows-ix86+x86_64 | 1.0.0 | 59.00 | 398.00 | 457.00 | NOTE |
Version: 1.0.0
Check: LazyData
Result: NOTE
'LazyData' is specified without a 'data' directory
Flavors: r-devel-linux-x86_64-debian-clang, r-devel-linux-x86_64-debian-gcc, r-devel-linux-x86_64-fedora-clang, r-devel-linux-x86_64-fedora-gcc, r-devel-windows-x86_64, r-patched-linux-x86_64, r-release-linux-x86_64, r-release-macos-arm64, r-release-macos-x86_64, r-release-windows-x86_64, r-oldrel-macos-arm64, r-oldrel-macos-x86_64, r-oldrel-windows-ix86+x86_64