Last updated on 2023-03-30 17:52:29 CEST.
Flavor | Version | Tinstall | Tcheck | Ttotal | Status | Flags |
---|---|---|---|---|---|---|
r-devel-linux-x86_64-debian-clang | 1.0.3 | 22.50 | 518.74 | 541.24 | OK | |
r-devel-linux-x86_64-debian-gcc | 1.0.3 | 15.98 | 403.36 | 419.34 | OK | |
r-devel-linux-x86_64-fedora-clang | 1.0.3 | 612.73 | NOTE | |||
r-devel-linux-x86_64-fedora-gcc | 1.0.3 | 591.16 | NOTE | |||
r-devel-windows-x86_64 | 1.0.3 | 44.00 | 509.00 | 553.00 | OK | |
r-patched-linux-x86_64 | 1.0.3 | 18.08 | 488.34 | 506.42 | OK | |
r-release-linux-x86_64 | 1.0.3 | 15.58 | 475.70 | 491.28 | OK | |
r-release-macos-arm64 | 1.0.3 | 164.00 | NOTE | |||
r-release-macos-x86_64 | 1.0.3 | 235.00 | NOTE | |||
r-release-windows-x86_64 | 1.0.3 | 56.00 | 562.00 | 618.00 | OK | |
r-oldrel-macos-arm64 | 1.0.3 | 151.00 | NOTE | |||
r-oldrel-macos-x86_64 | 1.0.3 | 220.00 | NOTE | |||
r-oldrel-windows-ix86+x86_64 | 1.0.3 | 35.00 | 563.00 | 598.00 | NOTE |
Version: 1.0.3
Check: data for non-ASCII characters
Result: NOTE
Note: found 31 marked UTF-8 strings
Flavors: r-devel-linux-x86_64-fedora-clang, r-devel-linux-x86_64-fedora-gcc, r-release-macos-arm64, r-release-macos-x86_64, r-oldrel-macos-arm64, r-oldrel-macos-x86_64
Version: 1.0.3
Check: R code for possible problems
Result: NOTE
Initiating curl with CURL_SSL_BACKEND: openssl
Flavor: r-oldrel-windows-ix86+x86_64