CRAN Package Check Results for Package formattable

Last updated on 2019-04-25 10:49:02 CEST.

Flavor Version Tinstall Tcheck Ttotal Status Flags
r-devel-linux-x86_64-debian-clang 0.2.0.1 3.34 40.54 43.88 OK
r-devel-linux-x86_64-debian-gcc 0.2.0.1 2.90 32.05 34.95 OK
r-devel-linux-x86_64-fedora-clang 0.2.0.1 50.19 OK
r-devel-linux-x86_64-fedora-gcc 0.2.0.1 49.74 OK
r-devel-windows-ix86+x86_64 0.2.0.1 10.00 69.00 79.00 OK
r-patched-linux-x86_64 0.2.0.1 3.37 40.20 43.57 OK
r-patched-solaris-x86 0.2.0.1 75.80 WARN
r-release-linux-x86_64 0.2.0.1 1.92 38.80 40.72 OK
r-release-windows-ix86+x86_64 0.2.0.1 4.00 86.00 90.00 OK
r-release-osx-x86_64 0.2.0.1 WARN
r-oldrel-windows-ix86+x86_64 0.2.0.1 4.00 70.00 74.00 OK
r-oldrel-osx-x86_64 0.2.0.1 WARN

Check Details

Version: 0.2.0.1
Check: re-building of vignette outputs
Result: WARN
    Error(s) in re-building vignettes:
     ...
    --- re-building ‘formattable-data-frame.Rmd’ using rmarkdown
    Warning in engine$weave(file, quiet = quiet, encoding = enc) :
     Pandoc (>= 1.12.3) and/or pandoc-citeproc not available. Falling back to R Markdown v1.
    Quitting from lines 168-169 (formattable-data-frame.Rmd)
    Error: processing vignette 'formattable-data-frame.Rmd' failed with diagnostics:
    there is no package called 'webshot'
    --- failed re-building ‘formattable-data-frame.Rmd’
    
    --- re-building ‘introduction.Rmd’ using rmarkdown
    Warning in engine$weave(file, quiet = quiet, encoding = enc) :
     Pandoc (>= 1.12.3) and/or pandoc-citeproc not available. Falling back to R Markdown v1.
    --- finished re-building ‘introduction.Rmd’
    
    SUMMARY: processing the following file failed:
     ‘formattable-data-frame.Rmd’
    
    Error: Vignette re-building failed.
    Execution halted
Flavor: r-patched-solaris-x86

Version: 0.2.0.1
Check: re-building of vignette outputs
Result: WARN
    Error in re-building vignettes:
     ...
    Warning in engine$weave(file, quiet = quiet, encoding = enc) :
     Pandoc (>= 1.12.3) and/or pandoc-citeproc not available. Falling back to R Markdown v1.
    Quitting from lines 168-169 (formattable-data-frame.Rmd)
    Error: processing vignette 'formattable-data-frame.Rmd' failed with diagnostics:
    cannot open the connection
    Execution halted
Flavors: r-release-osx-x86_64, r-oldrel-osx-x86_64