CRAN Package Check Results for Package forestr

Last updated on 2024-03-01 16:49:20 CET.

Flavor Version Tinstall Tcheck Ttotal Status Flags
r-devel-linux-x86_64-debian-clang 2.0.2 3.81 39.06 42.87 NOTE
r-devel-linux-x86_64-debian-gcc 2.0.2 3.55 29.83 33.38 NOTE
r-devel-linux-x86_64-fedora-clang 2.0.2 54.00 NOTE
r-devel-linux-x86_64-fedora-gcc 2.0.2 51.23 NOTE
r-devel-windows-x86_64 2.0.2 5.00 57.00 62.00 OK
r-patched-linux-x86_64 2.0.2 3.94 38.35 42.29 OK
r-release-linux-x86_64 2.0.2 3.38 37.41 40.79 OK
r-release-macos-arm64 2.0.2 23.00 OK
r-release-macos-x86_64 2.0.2 32.00 OK
r-release-windows-x86_64 2.0.2 8.00 63.00 71.00 OK
r-oldrel-macos-arm64 2.0.2 22.00 NOTE
r-oldrel-windows-x86_64 2.0.2 7.00 62.00 69.00 OK

Check Details

Version: 2.0.2
Check: Rd files
Result: NOTE checkRd: (-1) process_pcl.Rd:28: Lost braces; missing escapes or markup? 28 | \item{pavd}{logical input to include Plant Area Volume Density Plot from {plot_pavd}, | ^ Flavors: r-devel-linux-x86_64-debian-clang, r-devel-linux-x86_64-debian-gcc, r-devel-linux-x86_64-fedora-clang, r-devel-linux-x86_64-fedora-gcc

Version: 2.0.2
Check: dependencies in R code
Result: NOTE Namespaces in Imports field not imported from: ‘tibble’ ‘viridis’ All declared Imports should be used. Flavors: r-devel-linux-x86_64-fedora-clang, r-devel-linux-x86_64-fedora-gcc, r-oldrel-macos-arm64