CRAN Package Check Results for Package forestr

Last updated on 2024-07-14 07:54:51 CEST.

Flavor Version Tinstall Tcheck Ttotal Status Flags
r-devel-linux-x86_64-debian-clang 2.0.2 3.57 39.03 42.60 NOTE
r-devel-linux-x86_64-debian-gcc 2.0.2 3.71 29.99 33.70 NOTE
r-devel-linux-x86_64-fedora-clang 2.0.2 56.79 NOTE
r-devel-linux-x86_64-fedora-gcc 2.0.2 51.48 NOTE
r-devel-windows-x86_64 2.0.2 8.00 58.00 66.00 NOTE
r-patched-linux-x86_64 2.0.2 4.34 37.16 41.50 NOTE
r-release-linux-x86_64 2.0.2 2.82 38.00 40.82 NOTE
r-release-macos-arm64 2.0.2 21.00 NOTE
r-release-macos-x86_64 2.0.2 32.00 NOTE
r-release-windows-x86_64 2.0.2 7.00 57.00 64.00 NOTE
r-oldrel-macos-arm64 2.0.2 23.00 OK
r-oldrel-macos-x86_64 2.0.2 32.00 OK
r-oldrel-windows-x86_64 2.0.2 7.00 63.00 70.00 OK

Check Details

Version: 2.0.2
Check: Rd files
Result: NOTE checkRd: (-1) process_pcl.Rd:28: Lost braces; missing escapes or markup? 28 | \item{pavd}{logical input to include Plant Area Volume Density Plot from {plot_pavd}, | ^ Flavors: r-devel-linux-x86_64-debian-clang, r-devel-linux-x86_64-debian-gcc, r-devel-linux-x86_64-fedora-clang, r-devel-linux-x86_64-fedora-gcc, r-devel-windows-x86_64, r-patched-linux-x86_64, r-release-linux-x86_64, r-release-macos-arm64, r-release-macos-x86_64, r-release-windows-x86_64

Version: 2.0.2
Check: dependencies in R code
Result: NOTE Namespaces in Imports field not imported from: ‘tibble’ ‘viridis’ All declared Imports should be used. Flavors: r-devel-linux-x86_64-fedora-clang, r-devel-linux-x86_64-fedora-gcc