CRAN Package Check Results for Package forestRK

Last updated on 2020-02-26 11:47:58 CET.

Flavor Version Tinstall Tcheck Ttotal Status Flags
r-devel-linux-x86_64-debian-clang 0.0-5 10.45 120.29 130.74 OK
r-devel-linux-x86_64-debian-gcc 0.0-5 9.37 91.44 100.81 OK
r-devel-linux-x86_64-fedora-clang 0.0-5 160.22 NOTE
r-devel-linux-x86_64-fedora-gcc 0.0-5 149.95 NOTE
r-devel-windows-ix86+x86_64 0.0-5 31.00 127.00 158.00 OK
r-devel-windows-ix86+x86_64-gcc8 0.0-5 28.00 134.00 162.00 OK
r-patched-linux-x86_64 0.0-5 8.02 105.95 113.97 OK
r-patched-solaris-x86 0.0-5 195.60 NOTE
r-release-linux-x86_64 0.0-5 8.65 104.87 113.52 OK
r-release-windows-ix86+x86_64 0.0-5 22.00 123.00 145.00 OK
r-release-osx-x86_64 0.0-5 NOTE
r-oldrel-osx-x86_64 0.0-5 ERROR

Check Details

Version: 0.0-5
Check: dependencies in R code
Result: NOTE
    Namespace in Imports field not imported from: ‘pkgKitten’
     All declared Imports should be used.
Flavors: r-devel-linux-x86_64-fedora-clang, r-devel-linux-x86_64-fedora-gcc, r-patched-solaris-x86, r-release-osx-x86_64

Version: 0.0-5
Check: whether package can be installed
Result: ERROR
    Installation failed.
Flavor: r-oldrel-osx-x86_64