CRAN Package Check Results for Package forestRK

Last updated on 2019-09-20 15:47:02 CEST.

Flavor Version Tinstall Tcheck Ttotal Status Flags
r-devel-linux-x86_64-debian-clang 0.0-5 8.83 108.58 117.41 OK
r-devel-linux-x86_64-debian-gcc 0.0-5 7.86 83.79 91.65 OK
r-devel-linux-x86_64-fedora-clang 0.0-5 138.16 NOTE
r-devel-linux-x86_64-fedora-gcc 0.0-5 136.90 NOTE
r-devel-windows-ix86+x86_64 0.0-5 37.00 126.00 163.00 OK
r-patched-linux-x86_64 0.0-5 8.45 105.10 113.55 OK
r-patched-solaris-x86 0.0-5 207.10 NOTE
r-release-linux-x86_64 0.0-5 7.99 107.32 115.31 OK
r-release-windows-ix86+x86_64 0.0-5 26.00 123.00 149.00 OK
r-release-osx-x86_64 0.0-5 NOTE
r-oldrel-osx-x86_64 0.0-5 ERROR

Check Details

Version: 0.0-5
Check: dependencies in R code
Result: NOTE
    Namespace in Imports field not imported from: ‘pkgKitten’
     All declared Imports should be used.
Flavors: r-devel-linux-x86_64-fedora-clang, r-devel-linux-x86_64-fedora-gcc, r-patched-solaris-x86, r-release-osx-x86_64

Version: 0.0-5
Check: whether package can be installed
Result: ERROR
    Installation failed.
Flavor: r-oldrel-osx-x86_64