CRAN Package Check Results for Package forecastSNSTS

Last updated on 2022-12-02 05:00:05 CET.

Flavor Version Tinstall Tcheck Ttotal Status Flags
r-devel-linux-x86_64-debian-clang 1.3-0 32.44 37.32 69.76 NOTE
r-devel-linux-x86_64-debian-gcc 1.3-0 28.26 28.63 56.89 NOTE
r-devel-linux-x86_64-fedora-clang 1.3-0 117.26 NOTE
r-devel-linux-x86_64-fedora-gcc 1.3-0 102.92 NOTE
r-devel-windows-x86_64 1.3-0 48.00 91.00 139.00 NOTE
r-patched-linux-x86_64 1.3-0 30.21 34.83 65.04 NOTE
r-release-linux-x86_64 1.3-0 28.46 34.96 63.42 NOTE
r-release-macos-arm64 1.3-0 29.00 NOTE
r-release-macos-x86_64 1.3-0 40.00 NOTE
r-release-windows-x86_64 1.3-0 44.00 96.00 140.00 NOTE
r-oldrel-macos-arm64 1.3-0 32.00 NOTE
r-oldrel-macos-x86_64 1.3-0 50.00 NOTE
r-oldrel-windows-ix86+x86_64 1.3-0 86.00 87.00 173.00 NOTE

Check Details

Version: 1.3-0
Check: LazyData
Result: NOTE
     'LazyData' is specified without a 'data' directory
Flavors: r-devel-linux-x86_64-debian-clang, r-devel-linux-x86_64-debian-gcc, r-devel-linux-x86_64-fedora-clang, r-devel-linux-x86_64-fedora-gcc, r-devel-windows-x86_64, r-patched-linux-x86_64, r-release-linux-x86_64, r-release-macos-arm64, r-release-macos-x86_64, r-release-windows-x86_64, r-oldrel-macos-arm64, r-oldrel-macos-x86_64, r-oldrel-windows-ix86+x86_64