CRAN Package Check Results for Package forecast

Last updated on 2020-10-19 16:48:32 CEST.

Flavor Version Tinstall Tcheck Ttotal Status Flags
r-devel-linux-x86_64-debian-clang 8.13 134.54 374.21 508.75 OK
r-devel-linux-x86_64-debian-gcc 8.13 96.76 262.97 359.73 OK
r-devel-linux-x86_64-fedora-clang 8.13 625.07 NOTE
r-devel-linux-x86_64-fedora-gcc 8.13 600.68 OK
r-devel-windows-ix86+x86_64 8.13 211.00 589.00 800.00 OK
r-patched-linux-x86_64 8.13 124.94 346.38 471.32 OK
r-patched-solaris-x86 8.13 656.20 OK
r-release-linux-x86_64 8.13 126.85 343.82 470.67 OK
r-release-macos-x86_64 8.13 OK
r-release-windows-ix86+x86_64 8.13 266.00 610.00 876.00 OK
r-oldrel-macos-x86_64 8.13 OK
r-oldrel-windows-ix86+x86_64 8.13 193.00 660.00 853.00 OK

Check Details

Version: 8.13
Check: installed package size
Result: NOTE
     installed size is 6.1Mb
     sub-directories of 1Mb or more:
     libs 4.3Mb
Flavor: r-devel-linux-x86_64-fedora-clang