Last updated on 2023-03-31 17:49:25 CEST.
Flavor | Version | Tinstall | Tcheck | Ttotal | Status | Flags |
---|---|---|---|---|---|---|
r-devel-linux-x86_64-debian-clang | 8.21 | 137.19 | 413.19 | 550.38 | OK | |
r-devel-linux-x86_64-debian-gcc | 8.21 | 108.42 | 297.58 | 406.00 | OK | |
r-devel-linux-x86_64-fedora-clang | 8.21 | 704.47 | OK | |||
r-devel-linux-x86_64-fedora-gcc | 8.21 | 666.34 | OK | |||
r-devel-windows-x86_64 | 8.21 | 310.00 | 476.00 | 786.00 | OK | |
r-patched-linux-x86_64 | 8.21 | 126.12 | 391.79 | 517.91 | OK | |
r-release-linux-x86_64 | 8.21 | 111.98 | 377.39 | 489.37 | OK | |
r-release-macos-arm64 | 8.21 | 132.00 | NOTE | |||
r-release-macos-x86_64 | 8.21 | 200.00 | OK | |||
r-release-windows-x86_64 | 8.21 | 217.00 | 454.00 | 671.00 | OK | |
r-oldrel-macos-arm64 | 8.21 | 112.00 | NOTE | |||
r-oldrel-macos-x86_64 | 8.21 | 201.00 | OK | |||
r-oldrel-windows-ix86+x86_64 | 8.21 | 307.00 | 741.00 | 1048.00 | NOTE |
Version: 8.21
Check: installed package size
Result: NOTE
installed size is 5.1Mb
sub-directories of 1Mb or more:
libs 3.5Mb
Flavors: r-release-macos-arm64, r-oldrel-macos-arm64
Version: 8.21
Check: R code for possible problems
Result: NOTE
Initiating curl with CURL_SSL_BACKEND: openssl
Flavor: r-oldrel-windows-ix86+x86_64