Last updated on 2023-02-06 03:54:31 CET.
Flavor | Version | Tinstall | Tcheck | Ttotal | Status | Flags |
---|---|---|---|---|---|---|
r-devel-linux-x86_64-debian-clang | 1.5.2 | 3.15 | 56.05 | 59.20 | OK | |
r-devel-linux-x86_64-debian-gcc | 1.5.2 | 2.36 | 42.21 | 44.57 | OK | |
r-devel-linux-x86_64-fedora-clang | 1.5.2 | 73.14 | OK | |||
r-devel-linux-x86_64-fedora-gcc | 1.5.2 | 81.36 | OK | |||
r-devel-windows-x86_64 | 1.5.2 | 32.00 | 173.00 | 205.00 | NOTE | |
r-patched-linux-x86_64 | 1.5.2 | 3.50 | 53.54 | 57.04 | OK | |
r-release-linux-x86_64 | 1.5.2 | 3.26 | 54.46 | 57.72 | OK | |
r-release-macos-arm64 | 1.5.2 | 103.00 | OK | |||
r-release-macos-x86_64 | 1.5.2 | 114.00 | OK | |||
r-release-windows-x86_64 | 1.5.2 | 33.00 | 172.00 | 205.00 | NOTE | |
r-oldrel-macos-arm64 | 1.5.2 | 100.00 | OK | |||
r-oldrel-macos-x86_64 | 1.5.2 | 112.00 | OK | |||
r-oldrel-windows-ix86+x86_64 | 1.5.2 | 7.00 | 168.00 | 175.00 | NOTE |
Version: 1.5.2
Check: package dependencies
Result: NOTE
Package suggested but not available for checking: 'doMC'
Flavors: r-devel-windows-x86_64, r-release-windows-x86_64, r-oldrel-windows-ix86+x86_64