CRAN Package Check Results for Package fontquiver

Last updated on 2025-01-14 06:56:08 CET.

Flavor Version Tinstall Tcheck Ttotal Status Flags
r-devel-linux-x86_64-debian-clang 0.2.1 2.29 20.84 23.13 OK
r-devel-linux-x86_64-debian-gcc 0.2.1 1.70 16.52 18.22 OK
r-devel-linux-x86_64-fedora-clang 0.2.1 36.88 OK
r-devel-linux-x86_64-fedora-gcc 0.2.1 36.00 OK
r-devel-windows-x86_64 0.2.1 3.00 45.00 48.00 OK
r-patched-linux-x86_64 0.2.1 2.14 19.85 21.99 NOTE
r-release-linux-x86_64 0.2.1 2.15 19.94 22.09 NOTE
r-release-macos-arm64 0.2.1 17.00 NOTE
r-release-macos-x86_64 0.2.1 26.00 NOTE
r-release-windows-x86_64 0.2.1 4.00 46.00 50.00 NOTE
r-oldrel-macos-arm64 0.2.1 17.00 NOTE
r-oldrel-macos-x86_64 0.2.1 23.00 NOTE
r-oldrel-windows-x86_64 0.2.1 4.00 46.00 50.00 NOTE

Check Details

Version: 0.2.1
Check: LazyData
Result: NOTE 'LazyData' is specified without a 'data' directory Flavors: r-patched-linux-x86_64, r-release-linux-x86_64, r-release-macos-arm64, r-release-macos-x86_64, r-release-windows-x86_64, r-oldrel-macos-arm64, r-oldrel-macos-x86_64, r-oldrel-windows-x86_64