CRAN Package Check Results for Package fontMPlus

Last updated on 2020-02-26 10:48:18 CET.

Flavor Version Tinstall Tcheck Ttotal Status Flags
r-devel-linux-x86_64-debian-clang 0.1.1 4.56 42.88 47.44 OK
r-devel-linux-x86_64-debian-gcc 0.1.1 3.26 33.55 36.81 OK
r-devel-linux-x86_64-fedora-clang 0.1.1 60.32 NOTE
r-devel-linux-x86_64-fedora-gcc 0.1.1 56.01 NOTE
r-devel-windows-ix86+x86_64 0.1.1 13.00 64.00 77.00 OK
r-devel-windows-ix86+x86_64-gcc8 0.1.1 15.00 68.00 83.00 OK
r-patched-linux-x86_64 0.1.1 3.48 38.72 42.20 OK
r-patched-solaris-x86 0.1.1 78.60 NOTE
r-release-linux-x86_64 0.1.1 3.45 38.98 42.43 OK
r-release-windows-ix86+x86_64 0.1.1 13.00 62.00 75.00 OK
r-release-osx-x86_64 0.1.1 WARN
r-oldrel-windows-ix86+x86_64 0.1.1 7.00 60.00 67.00 OK
r-oldrel-osx-x86_64 0.1.1 WARN

Check Details

Version: 0.1.1
Check: dependencies in R code
Result: NOTE
    Namespace in Imports field not imported from: ‘ggplot2’
     All declared Imports should be used.
Flavors: r-devel-linux-x86_64-fedora-clang, r-devel-linux-x86_64-fedora-gcc, r-patched-solaris-x86, r-release-osx-x86_64, r-oldrel-osx-x86_64

Version: 0.1.1
Check: re-building of vignette outputs
Result: WARN
    Error(s) in re-building vignettes:
     ...
    --- re-building ‘Using_fontMPlus.Rmd’ using rmarkdown
    Warning in engine$weave(file, quiet = quiet, encoding = enc) :
     Pandoc (>= 1.12.3) and/or pandoc-citeproc not available. Falling back to R Markdown v1.
    Quitting from lines 56-67 (Using_fontMPlus.Rmd)
    Error: processing vignette 'Using_fontMPlus.Rmd' failed with diagnostics:
    polygon edge not found
    --- failed re-building ‘Using_fontMPlus.Rmd’
    
    SUMMARY: processing the following file failed:
     ‘Using_fontMPlus.Rmd’
    
    Error: Vignette re-building failed.
    Execution halted
Flavor: r-release-osx-x86_64

Version: 0.1.1
Check: re-building of vignette outputs
Result: WARN
    Error in re-building vignettes:
     ...
    Warning in engine$weave(file, quiet = quiet, encoding = enc) :
     Pandoc (>= 1.12.3) and/or pandoc-citeproc not available. Falling back to R Markdown v1.
    Quitting from lines 56-67 (Using_fontMPlus.Rmd)
    Error: processing vignette 'Using_fontMPlus.Rmd' failed with diagnostics:
    polygon edge not found
    Execution halted
Flavor: r-oldrel-osx-x86_64