CRAN Package Check Results for Package fontMPlus

Last updated on 2019-09-20 15:47:02 CEST.

Flavor Version Tinstall Tcheck Ttotal Status Flags
r-devel-linux-x86_64-debian-clang 0.1.1 4.09 39.00 43.09 OK
r-devel-linux-x86_64-debian-gcc 0.1.1 2.72 31.19 33.91 OK
r-devel-linux-x86_64-fedora-clang 0.1.1 51.99 NOTE
r-devel-linux-x86_64-fedora-gcc 0.1.1 50.35 NOTE
r-devel-windows-ix86+x86_64 0.1.1 26.00 61.00 87.00 OK
r-patched-linux-x86_64 0.1.1 3.54 38.53 42.07 OK
r-patched-solaris-x86 0.1.1 83.50 NOTE
r-release-linux-x86_64 0.1.1 3.18 38.12 41.30 OK
r-release-windows-ix86+x86_64 0.1.1 16.00 63.00 79.00 OK
r-release-osx-x86_64 0.1.1 WARN
r-oldrel-windows-ix86+x86_64 0.1.1 8.00 58.00 66.00 OK
r-oldrel-osx-x86_64 0.1.1 WARN

Check Details

Version: 0.1.1
Check: dependencies in R code
Result: NOTE
    Namespace in Imports field not imported from: ‘ggplot2’
     All declared Imports should be used.
Flavors: r-devel-linux-x86_64-fedora-clang, r-devel-linux-x86_64-fedora-gcc, r-patched-solaris-x86, r-release-osx-x86_64, r-oldrel-osx-x86_64

Version: 0.1.1
Check: re-building of vignette outputs
Result: WARN
    Error(s) in re-building vignettes:
     ...
    --- re-building ‘Using_fontMPlus.Rmd’ using rmarkdown
    Warning in engine$weave(file, quiet = quiet, encoding = enc) :
     Pandoc (>= 1.12.3) and/or pandoc-citeproc not available. Falling back to R Markdown v1.
    Quitting from lines 56-67 (Using_fontMPlus.Rmd)
    Error: processing vignette 'Using_fontMPlus.Rmd' failed with diagnostics:
    polygon edge not found
    --- failed re-building ‘Using_fontMPlus.Rmd’
    
    SUMMARY: processing the following file failed:
     ‘Using_fontMPlus.Rmd’
    
    Error: Vignette re-building failed.
    Execution halted
Flavor: r-release-osx-x86_64

Version: 0.1.1
Check: re-building of vignette outputs
Result: WARN
    Error in re-building vignettes:
     ...
    Warning in engine$weave(file, quiet = quiet, encoding = enc) :
     Pandoc (>= 1.12.3) and/or pandoc-citeproc not available. Falling back to R Markdown v1.
    Quitting from lines 56-67 (Using_fontMPlus.Rmd)
    Error: processing vignette 'Using_fontMPlus.Rmd' failed with diagnostics:
    polygon edge not found
    Execution halted
Flavor: r-oldrel-osx-x86_64