CRAN Package Check Results for Package fontLiberation

Last updated on 2023-09-25 08:02:27 CEST.

Flavor Version Tinstall Tcheck Ttotal Status Flags
r-devel-linux-x86_64-debian-clang 0.1.0 2.15 9.79 11.94 NOTE
r-devel-linux-x86_64-debian-gcc 0.1.0 1.26 7.55 8.81 NOTE
r-devel-linux-x86_64-fedora-clang 0.1.0 13.99 NOTE
r-devel-linux-x86_64-fedora-gcc 0.1.0 14.06 NOTE
r-devel-windows-x86_64 0.1.0 2.00 19.00 21.00 NOTE
r-patched-linux-x86_64 0.1.0 1.85 9.21 11.06 NOTE
r-release-linux-x86_64 0.1.0 1.70 9.52 11.22 NOTE
r-release-macos-arm64 0.1.0 11.00 NOTE
r-release-macos-x86_64 0.1.0 12.00 NOTE
r-release-windows-x86_64 0.1.0 3.00 21.00 24.00 NOTE
r-oldrel-macos-arm64 0.1.0 10.00 NOTE
r-oldrel-macos-x86_64 0.1.0 12.00 NOTE
r-oldrel-windows-x86_64 0.1.0 5.00 24.00 29.00 NOTE

Check Details

Version: 0.1.0
Check: LazyData
Result: NOTE
     'LazyData' is specified without a 'data' directory
Flavors: r-devel-linux-x86_64-debian-clang, r-devel-linux-x86_64-debian-gcc, r-devel-linux-x86_64-fedora-clang, r-devel-linux-x86_64-fedora-gcc, r-devel-windows-x86_64, r-patched-linux-x86_64, r-release-linux-x86_64, r-release-macos-arm64, r-release-macos-x86_64, r-release-windows-x86_64, r-oldrel-macos-arm64, r-oldrel-macos-x86_64, r-oldrel-windows-x86_64

Version: 0.1.0
Check: installed package size
Result: NOTE
     installed size is 6.2Mb
     sub-directories of 1Mb or more:
     fonts 6.1Mb
Flavors: r-devel-linux-x86_64-fedora-clang, r-devel-windows-x86_64, r-release-macos-arm64, r-release-macos-x86_64, r-release-windows-x86_64, r-oldrel-macos-arm64, r-oldrel-macos-x86_64, r-oldrel-windows-x86_64