CRAN Package Check Results for Package fontHind

Last updated on 2019-09-22 17:49:14 CEST.

Flavor Version Tinstall Tcheck Ttotal Status Flags
r-devel-linux-x86_64-debian-clang 0.1.1 3.67 35.17 38.84 OK
r-devel-linux-x86_64-debian-gcc 0.1.1 2.76 28.16 30.92 OK
r-devel-linux-x86_64-fedora-clang 0.1.1 47.61 NOTE
r-devel-linux-x86_64-fedora-gcc 0.1.1 45.85 NOTE
r-devel-windows-ix86+x86_64 0.1.1 23.00 55.00 78.00 OK
r-patched-linux-x86_64 0.1.1 3.47 33.97 37.44 OK
r-patched-solaris-x86 0.1.1 74.80 NOTE
r-release-linux-x86_64 0.1.1 3.36 34.29 37.65 OK
r-release-windows-ix86+x86_64 0.1.1 9.00 50.00 59.00 OK
r-release-osx-x86_64 0.1.1 WARN
r-oldrel-windows-ix86+x86_64 0.1.1 7.00 53.00 60.00 OK
r-oldrel-osx-x86_64 0.1.1 WARN

Check Details

Version: 0.1.1
Check: dependencies in R code
Result: NOTE
    Namespace in Imports field not imported from: ‘ggplot2’
     All declared Imports should be used.
Flavors: r-devel-linux-x86_64-fedora-clang, r-devel-linux-x86_64-fedora-gcc, r-patched-solaris-x86, r-release-osx-x86_64, r-oldrel-osx-x86_64

Version: 0.1.1
Check: re-building of vignette outputs
Result: WARN
    Error(s) in re-building vignettes:
     ...
    --- re-building ‘Using_fontHind.Rmd’ using rmarkdown
    Warning in engine$weave(file, quiet = quiet, encoding = enc) :
     Pandoc (>= 1.12.3) and/or pandoc-citeproc not available. Falling back to R Markdown v1.
    Quitting from lines 38-49 (Using_fontHind.Rmd)
    Error: processing vignette 'Using_fontHind.Rmd' failed with diagnostics:
    polygon edge not found
    --- failed re-building ‘Using_fontHind.Rmd’
    
    SUMMARY: processing the following file failed:
     ‘Using_fontHind.Rmd’
    
    Error: Vignette re-building failed.
    Execution halted
Flavor: r-release-osx-x86_64

Version: 0.1.1
Check: re-building of vignette outputs
Result: WARN
    Error in re-building vignettes:
     ...
    Warning in engine$weave(file, quiet = quiet, encoding = enc) :
     Pandoc (>= 1.12.3) and/or pandoc-citeproc not available. Falling back to R Markdown v1.
    Quitting from lines 38-49 (Using_fontHind.Rmd)
    Error: processing vignette 'Using_fontHind.Rmd' failed with diagnostics:
    polygon edge not found
    Execution halted
Flavor: r-oldrel-osx-x86_64