CRAN Package Check Results for Package fmx

Last updated on 2024-07-21 23:49:26 CEST.

Flavor Version Tinstall Tcheck Ttotal Status Flags
r-devel-linux-x86_64-debian-clang 0.1.2 16.10 125.01 141.11 OK
r-devel-linux-x86_64-debian-gcc 0.1.2 13.11 92.45 105.56 NOTE
r-devel-linux-x86_64-fedora-clang 0.1.2 171.95 NOTE
r-devel-linux-x86_64-fedora-gcc 0.1.2 160.62 OK
r-devel-windows-x86_64 0.1.2 13.00 107.00 120.00 NOTE
r-patched-linux-x86_64 0.1.2 17.92 118.56 136.48 OK
r-release-linux-x86_64 0.1.2 15.44 116.06 131.50 OK
r-release-macos-arm64 0.1.2 49.00 OK
r-release-macos-x86_64 0.1.2 71.00 OK
r-release-windows-x86_64 0.1.2 13.00 106.00 119.00 OK
r-oldrel-macos-arm64 0.1.1 55.00 OK
r-oldrel-macos-x86_64 0.1.1 115.00 OK
r-oldrel-windows-x86_64 0.1.1 17.00 130.00 147.00 OK

Check Details

Version: 0.1.2
Check: Rd cross-references
Result: NOTE Found the following Rd file(s) with Rd \link{} targets missing package anchors: moment_fmx.Rd: moment-class Please provide package anchors for all Rd \link{} targets not in the package itself and the base packages. Flavors: r-devel-linux-x86_64-debian-gcc, r-devel-windows-x86_64

Version: 0.1.2
Check: Rd cross-references
Result: NOTE Undeclared package ‘rstpm2’ in Rd xrefs Flavor: r-devel-linux-x86_64-fedora-clang