CRAN Package Check Results for Package fmri

Last updated on 2022-09-29 01:50:44 CEST.

Flavor Version Tinstall Tcheck Ttotal Status Flags
r-devel-linux-x86_64-debian-clang 1.9.6 24.32 128.97 153.29 NOTE
r-devel-linux-x86_64-debian-gcc 1.9.6 17.50 96.72 114.22 NOTE
r-devel-linux-x86_64-fedora-clang 1.9.6 198.51 NOTE
r-devel-linux-x86_64-fedora-gcc 1.9.6 211.35 NOTE
r-devel-windows-x86_64 1.9.6 42.00 152.00 194.00 NOTE
r-patched-linux-x86_64 1.9.6 23.10 124.19 147.29 OK
r-release-linux-x86_64 1.9.6 23.81 123.28 147.09 OK
r-release-macos-arm64 1.9.6 47.00 OK
r-release-macos-x86_64 1.9.6 69.00 OK
r-release-windows-x86_64 1.9.6 38.00 163.00 201.00 OK
r-oldrel-macos-arm64 1.9.6 55.00 OK
r-oldrel-macos-x86_64 1.9.6 97.00 OK
r-oldrel-windows-ix86+x86_64 1.9.6 45.00 174.00 219.00 OK

Check Details

Version: 1.9.6
Check: Rd files
Result: NOTE
    checkRd: (-1) write.AFNI.Rd:16: Escaped LaTeX specials: \_
    checkRd: (-1) write.AFNI.Rd:17: Escaped LaTeX specials: \_
    checkRd: (-1) write.AFNI.Rd:20: Escaped LaTeX specials: \_
    checkRd: (-1) write.AFNI.Rd:22: Escaped LaTeX specials: \_
Flavors: r-devel-linux-x86_64-debian-clang, r-devel-linux-x86_64-debian-gcc, r-devel-linux-x86_64-fedora-clang, r-devel-linux-x86_64-fedora-gcc, r-devel-windows-x86_64