Last updated on 2023-12-11 11:53:31 CET.
Flavor | Version | Tinstall | Tcheck | Ttotal | Status | Flags |
---|---|---|---|---|---|---|
r-devel-linux-x86_64-debian-clang | 0.1.4 | 153.20 | 255.57 | 408.77 | OK | |
r-devel-linux-x86_64-debian-gcc | 0.1.4 | 108.06 | 190.60 | 298.66 | OK | |
r-devel-linux-x86_64-fedora-clang | 0.1.4 | 530.66 | OK | |||
r-devel-linux-x86_64-fedora-gcc | 0.1.4 | 534.25 | OK | |||
r-devel-windows-x86_64 | 0.1.4 | 117.00 | 231.00 | 348.00 | OK | |
r-patched-linux-x86_64 | 0.1.4 | 129.43 | 240.24 | 369.67 | OK | |
r-release-linux-x86_64 | 0.1.4 | 132.35 | 247.27 | 379.62 | OK | |
r-release-macos-arm64 | 0.1.4 | 136.00 | NOTE | |||
r-release-macos-x86_64 | 0.1.4 | 245.00 | NOTE | |||
r-release-windows-x86_64 | 0.1.4 | 140.00 | 279.00 | 419.00 | OK | |
r-oldrel-macos-arm64 | 0.1.4 | 121.00 | NOTE | |||
r-oldrel-macos-x86_64 | 0.1.3 | 18.00 | ERROR | |||
r-oldrel-windows-x86_64 | 0.1.4 | 144.00 | 262.00 | 406.00 | OK |
Version: 0.1.4
Check: installed package size
Result: NOTE
installed size is 8.9Mb
sub-directories of 1Mb or more:
libs 7.0Mb
Flavors: r-release-macos-arm64, r-release-macos-x86_64, r-oldrel-macos-arm64
Version: 0.1.3
Check: whether package can be installed
Result: ERROR
Installation failed.
Flavor: r-oldrel-macos-x86_64