CRAN Package Check Results for Package fmerPack

Last updated on 2021-12-03 02:48:54 CET.

Flavor Version Tinstall Tcheck Ttotal Status Flags
r-devel-linux-x86_64-debian-clang 0.0-1 39.40 93.73 133.13 OK
r-devel-linux-x86_64-debian-gcc 0.0-1 27.89 72.79 100.68 OK
r-devel-linux-x86_64-fedora-clang 0.0-1 185.92 NOTE
r-devel-linux-x86_64-fedora-gcc 0.0-1 166.67 NOTE
r-devel-windows-x86_64-new-UL 0.0-1 55.00 148.00 203.00 OK
r-devel-windows-x86_64-new-TK 0.0-1 NOTE
r-devel-windows-x86_64-old 0.0-1 55.00 90.00 145.00 OK
r-patched-linux-x86_64 0.0-1 34.71 90.85 125.56 OK
r-patched-solaris-x86 0.0-1 204.20 NOTE
r-release-linux-x86_64 0.0-1 34.85 90.47 125.32 OK
r-release-macos-arm64 0.0-1 NOTE
r-release-macos-x86_64 0.0-1 NOTE
r-release-windows-ix86+x86_64 0.0-1 98.00 170.00 268.00 OK
r-oldrel-macos-x86_64 0.0-1 NOTE
r-oldrel-windows-ix86+x86_64 0.0-1 98.00 167.00 265.00 OK

Check Details

Version: 0.0-1
Check: dependencies in R code
Result: NOTE
    Namespace in Imports field not imported from: ‘MASS’
     All declared Imports should be used.
Flavors: r-devel-linux-x86_64-fedora-clang, r-devel-linux-x86_64-fedora-gcc, r-devel-windows-x86_64-new-TK, r-patched-solaris-x86, r-release-macos-arm64, r-release-macos-x86_64, r-oldrel-macos-x86_64