CRAN Package Check Results for Package fmdates

Last updated on 2021-06-17 20:51:53 CEST.

Flavor Version Tinstall Tcheck Ttotal Status Flags
r-devel-linux-x86_64-debian-clang 0.1.4 6.98 58.52 65.50 NOTE
r-devel-linux-x86_64-debian-gcc 0.1.4 5.18 43.71 48.89 NOTE
r-devel-linux-x86_64-fedora-clang 0.1.4 84.52 NOTE
r-devel-linux-x86_64-fedora-gcc 0.1.4 73.42 NOTE
r-devel-windows-x86_64 0.1.4 10.00 60.00 70.00 NOTE
r-devel-windows-x86_64-gcc10-UCRT 0.1.4 NOTE
r-patched-linux-x86_64 0.1.4 6.66 55.76 62.42 NOTE
r-patched-solaris-x86 0.1.4 99.00 NOTE
r-release-linux-x86_64 0.1.4 5.19 55.46 60.65 NOTE
r-release-macos-arm64 0.1.4 NOTE
r-release-macos-x86_64 0.1.4 NOTE
r-release-windows-ix86+x86_64 0.1.4 13.00 77.00 90.00 NOTE
r-oldrel-macos-x86_64 0.1.4 OK
r-oldrel-windows-ix86+x86_64 0.1.4 9.00 78.00 87.00 OK

Check Details

Version: 0.1.4
Check: LazyData
Result: NOTE
     'LazyData' is specified without a 'data' directory
Flavors: r-devel-linux-x86_64-debian-clang, r-devel-linux-x86_64-debian-gcc, r-devel-linux-x86_64-fedora-clang, r-devel-linux-x86_64-fedora-gcc, r-devel-windows-x86_64, r-devel-windows-x86_64-gcc10-UCRT, r-patched-linux-x86_64, r-patched-solaris-x86, r-release-linux-x86_64, r-release-macos-arm64, r-release-macos-x86_64, r-release-windows-ix86+x86_64