CRAN Package Check Results for Package flowr

Last updated on 2024-06-20 16:49:23 CEST.

Flavor Version Tinstall Tcheck Ttotal Status Flags
r-devel-linux-x86_64-debian-clang 0.9.11 12.83 91.47 104.30 NOTE
r-devel-linux-x86_64-debian-gcc 0.9.11 8.01 67.99 76.00 NOTE
r-devel-linux-x86_64-fedora-clang 0.9.11 132.24 NOTE
r-devel-linux-x86_64-fedora-gcc 0.9.11 132.57 NOTE
r-devel-windows-x86_64 0.9.11 10.00 94.00 104.00 NOTE
r-patched-linux-x86_64 0.9.11 14.34 87.49 101.83 NOTE
r-release-linux-x86_64 0.9.11 6.90 87.94 94.84 NOTE
r-release-macos-arm64 0.9.11 47.00 NOTE
r-release-macos-x86_64 0.9.11 67.00 NOTE
r-release-windows-x86_64 0.9.11 8.00 96.00 104.00 NOTE
r-oldrel-macos-arm64 0.9.11 46.00 OK
r-oldrel-macos-x86_64 0.9.11 72.00 OK
r-oldrel-windows-x86_64 0.9.11 12.00 107.00 119.00 OK

Check Details

Version: 0.9.11
Check: Rd files
Result: NOTE checkRd: (-1) to_flow.Rd:110-117: Lost braces 110 | \strong{Behaviour:}{ | ^ checkRd: (-1) to_flowdef.Rd:111-115: Lost braces 111 | { | ^ Flavors: r-devel-linux-x86_64-debian-clang, r-devel-linux-x86_64-debian-gcc, r-devel-linux-x86_64-fedora-clang, r-devel-linux-x86_64-fedora-gcc, r-devel-windows-x86_64, r-patched-linux-x86_64, r-release-linux-x86_64, r-release-macos-arm64, r-release-macos-x86_64, r-release-windows-x86_64