Last updated on 2022-08-19 10:53:00 CEST.
Flavor | Version | Tinstall | Tcheck | Ttotal | Status | Flags |
---|---|---|---|---|---|---|
r-devel-linux-x86_64-debian-clang | 1.5.3 | 6.29 | 58.29 | 64.58 | NOTE | |
r-devel-linux-x86_64-debian-gcc | 1.5.3 | 5.18 | 43.81 | 48.99 | NOTE | |
r-devel-linux-x86_64-fedora-clang | 1.5.3 | 86.28 | NOTE | |||
r-devel-linux-x86_64-fedora-gcc | 1.5.3 | 87.47 | NOTE | |||
r-devel-windows-x86_64 | 1.5.3 | 18.00 | 80.00 | 98.00 | NOTE | |
r-patched-linux-x86_64 | 1.5.3 | 9.96 | 53.90 | 63.86 | NOTE | |
r-release-linux-x86_64 | 1.5.3 | NOTE | ||||
r-release-macos-arm64 | 1.5.3 | 25.00 | NOTE | |||
r-release-macos-x86_64 | 1.5.3 | 46.00 | NOTE | |||
r-release-windows-x86_64 | 1.5.3 | 24.00 | 81.00 | 105.00 | NOTE | |
r-oldrel-macos-arm64 | 1.5.3 | 33.00 | NOTE | |||
r-oldrel-macos-x86_64 | 1.5.3 | 46.00 | NOTE | |||
r-oldrel-windows-ix86+x86_64 | 1.5.3 | 17.00 | 77.00 | 94.00 | NOTE |
Version: 1.5.3
Check: LazyData
Result: NOTE
'LazyData' is specified without a 'data' directory
Flavors: r-devel-linux-x86_64-debian-clang, r-devel-linux-x86_64-debian-gcc, r-devel-linux-x86_64-fedora-clang, r-devel-linux-x86_64-fedora-gcc, r-devel-windows-x86_64, r-patched-linux-x86_64, r-release-linux-x86_64, r-release-macos-arm64, r-release-macos-x86_64, r-release-windows-x86_64, r-oldrel-macos-arm64, r-oldrel-macos-x86_64, r-oldrel-windows-ix86+x86_64