CRAN Package Check Results for Package flightplot

Last updated on 2020-10-21 14:46:58 CEST.

Flavor Version Tinstall Tcheck Ttotal Status Flags
r-devel-linux-x86_64-debian-clang 0.1.0 4.91 41.95 46.86 OK
r-devel-linux-x86_64-debian-gcc 0.1.0 4.37 32.30 36.67 OK
r-devel-linux-x86_64-fedora-clang 0.1.0 65.25 NOTE
r-devel-linux-x86_64-fedora-gcc 0.1.0 55.34 NOTE
r-devel-windows-ix86+x86_64 0.1.0 12.00 63.00 75.00 OK
r-patched-linux-x86_64 0.1.0 5.07 38.89 43.96 OK
r-patched-solaris-x86 0.1.0 81.80 NOTE
r-release-linux-x86_64 0.1.0 4.48 39.27 43.75 OK
r-release-macos-x86_64 0.1.0 NOTE
r-release-windows-ix86+x86_64 0.1.0 9.00 48.00 57.00 OK
r-oldrel-macos-x86_64 0.1.0 NOTE
r-oldrel-windows-ix86+x86_64 0.1.0 9.00 58.00 67.00 OK

Check Details

Version: 0.1.0
Check: data for non-ASCII characters
Result: NOTE
     Note: found 710 marked UTF-8 strings
Flavors: r-devel-linux-x86_64-fedora-clang, r-devel-linux-x86_64-fedora-gcc, r-patched-solaris-x86, r-release-macos-x86_64, r-oldrel-macos-x86_64