CRAN Package Check Results for Package flifo

Last updated on 2022-12-02 05:00:04 CET.

Flavor Version Tinstall Tcheck Ttotal Status Flags
r-devel-linux-x86_64-debian-clang 0.1.5 4.04 38.56 42.60 NOTE
r-devel-linux-x86_64-debian-gcc 0.1.5 2.82 29.90 32.72 NOTE
r-devel-linux-x86_64-fedora-clang 0.1.5 61.96 NOTE
r-devel-linux-x86_64-fedora-gcc 0.1.5 63.21 NOTE
r-devel-windows-x86_64 0.1.5 14.00 70.00 84.00 NOTE
r-patched-linux-x86_64 0.1.5 3.54 36.37 39.91 NOTE
r-release-linux-x86_64 0.1.5 3.21 38.90 42.11 NOTE
r-release-macos-arm64 0.1.5 21.00 NOTE
r-release-macos-x86_64 0.1.5 30.00 NOTE
r-release-windows-x86_64 0.1.5 12.00 73.00 85.00 NOTE
r-oldrel-macos-arm64 0.1.5 24.00 NOTE
r-oldrel-macos-x86_64 0.1.5 37.00 NOTE
r-oldrel-windows-ix86+x86_64 0.1.5 11.00 63.00 74.00 NOTE

Check Details

Version: 0.1.5
Check: LazyData
Result: NOTE
     'LazyData' is specified without a 'data' directory
Flavors: r-devel-linux-x86_64-debian-clang, r-devel-linux-x86_64-debian-gcc, r-devel-linux-x86_64-fedora-clang, r-devel-linux-x86_64-fedora-gcc, r-devel-windows-x86_64, r-patched-linux-x86_64, r-release-linux-x86_64, r-release-macos-arm64, r-release-macos-x86_64, r-release-windows-x86_64, r-oldrel-macos-arm64, r-oldrel-macos-x86_64, r-oldrel-windows-ix86+x86_64