CRAN Package Check Results for Package flextable

Last updated on 2019-04-22 16:54:04 CEST.

Flavor Version Tinstall Tcheck Ttotal Status Flags
r-devel-linux-x86_64-debian-clang 0.5.2 7.62 173.16 180.78 OK
r-devel-linux-x86_64-debian-gcc 0.5.2 6.55 167.84 174.39 OK
r-devel-linux-x86_64-fedora-clang 0.5.2 175.55 OK
r-devel-linux-x86_64-fedora-gcc 0.5.2 159.28 OK
r-devel-windows-ix86+x86_64 0.5.2 18.00 128.00 146.00 OK
r-patched-linux-x86_64 0.5.2 7.65 157.03 164.68 OK
r-patched-solaris-x86 0.5.2 157.40 WARN
r-release-linux-x86_64 0.5.2 5.82 162.15 167.97 OK
r-release-windows-ix86+x86_64 0.5.2 10.00 169.00 179.00 OK
r-release-osx-x86_64 0.5.2 WARN
r-oldrel-windows-ix86+x86_64 0.5.2 7.00 184.00 191.00 OK
r-oldrel-osx-x86_64 0.5.1 WARN

Check Details

Version: 0.5.2
Check: re-building of vignette outputs
Result: WARN
    Error(s) in re-building vignettes:
     ...
    --- re-building ‘display.Rmd’ using rmarkdown
    Warning in engine$weave(file, quiet = quiet, encoding = enc) :
     Pandoc (>= 1.12.3) and/or pandoc-citeproc not available. Falling back to R Markdown v1.
    Quitting from lines 56-67 (display.Rmd)
    Error: processing vignette 'display.Rmd' failed with diagnostics:
    `render_flextable` needs to be used as a renderer for a knitr/rmarkdown R code chunk (render by rmarkdown)
    --- failed re-building ‘display.Rmd’
    
    --- re-building ‘format.Rmd’ using rmarkdown
    Warning in engine$weave(file, quiet = quiet, encoding = enc) :
     Pandoc (>= 1.12.3) and/or pandoc-citeproc not available. Falling back to R Markdown v1.
    Quitting from lines 43-45 (format.Rmd)
    Error: processing vignette 'format.Rmd' failed with diagnostics:
    `render_flextable` needs to be used as a renderer for a knitr/rmarkdown R code chunk (render by rmarkdown)
    --- failed re-building ‘format.Rmd’
    
    --- re-building ‘layout.Rmd’ using rmarkdown
    Warning in engine$weave(file, quiet = quiet, encoding = enc) :
     Pandoc (>= 1.12.3) and/or pandoc-citeproc not available. Falling back to R Markdown v1.
    Quitting from lines 46-49 (layout.Rmd)
    Error: processing vignette 'layout.Rmd' failed with diagnostics:
    `render_flextable` needs to be used as a renderer for a knitr/rmarkdown R code chunk (render by rmarkdown)
    --- failed re-building ‘layout.Rmd’
    
    --- re-building ‘overview.Rmd’ using rmarkdown
    Warning in engine$weave(file, quiet = quiet, encoding = enc) :
     Pandoc (>= 1.12.3) and/or pandoc-citeproc not available. Falling back to R Markdown v1.
    --- finished re-building ‘overview.Rmd’
    
    SUMMARY: processing the following files failed:
     ‘display.Rmd’ ‘format.Rmd’ ‘layout.Rmd’
    
    Error: Vignette re-building failed.
    Execution halted
Flavor: r-patched-solaris-x86

Version: 0.5.2
Check: re-building of vignette outputs
Result: WARN
    Error in re-building vignettes:
     ...
    Warning in engine$weave(file, quiet = quiet, encoding = enc) :
     Pandoc (>= 1.12.3) and/or pandoc-citeproc not available. Falling back to R Markdown v1.
    Quitting from lines 56-67 (display.Rmd)
    Error: processing vignette 'display.Rmd' failed with diagnostics:
    `render_flextable` needs to be used as a renderer for a knitr/rmarkdown R code chunk (render by rmarkdown)
    Execution halted
Flavor: r-release-osx-x86_64

Version: 0.5.1
Check: re-building of vignette outputs
Result: WARN
    Error in re-building vignettes:
     ...
    Fontconfig error: "/Volumes/SSD-Data/Builds/R-dev-web/QA/Simon/packages/el-capitan-x86_64/Rlib/3.4/magick/etc/fonts/conf.d/65-nonlatin.conf", line 6: invalid attribute 'version'
    Fontconfig warning: "/Volumes/SSD-Data/Builds/R-dev-web/QA/Simon/packages/el-capitan-x86_64/Rlib/3.4/magick/etc/fonts/conf.d/65-nonlatin.conf", line 8: unknown element "description"
    Fontconfig warning: "/Volumes/SSD-Data/Builds/R-dev-web/QA/Simon/packages/el-capitan-x86_64/Rlib/3.4/magick/etc/fonts/conf.d/69-unifont.conf", line 4: unknown element "its:rules"
    Fontconfig warning: "/Volumes/SSD-Data/Builds/R-dev-web/QA/Simon/packages/el-capitan-x86_64/Rlib/3.4/magick/etc/fonts/conf.d/69-unifont.conf", line 5: unknown element "its:translateRule"
    Fontconfig error: "/Volumes/SSD-Data/Builds/R-dev-web/QA/Simon/packages/el-capitan-x86_64/Rlib/3.4/magick/etc/fonts/conf.d/69-unifont.conf", line 5: invalid attribute 'translate'
    Fontconfig error: "/Volumes/SSD-Data/Builds/R-dev-web/QA/Simon/packages/el-capitan-x86_64/Rlib/3.4/magick/etc/fonts/conf.d/69-unifont.conf", line 5: invalid attribute 'selector'
    Fontconfig error: "/Volumes/SSD-Data/Builds/R-dev-web/QA/Simon/packages/el-capitan-x86_64/Rlib/3.4/magick/etc/fonts/conf.d/69-unifont.conf", line 6: invalid attribute 'xmlns:its'
    Fontconfig error: "/Volumes/SSD-Data/Builds/R-dev-web/QA/Simon/packages/el-capitan-x86_64/Rlib/3.4/magick/etc/fonts/conf.d/69-unifont.conf", line 6: invalid attribute 'version'
    Fontconfig warning: "/Volumes/SSD-Data/Builds/R-dev-web/QA/Simon/packages/el-capitan-x86_64/Rlib/3.4/magick/etc/fonts/conf.d/80-delicious.conf", line 4: unknown element "its:rules"
    Fontconfig warning: "/Volumes/SSD-Data/Builds/R-dev-web/QA/Simon/packages/el-capitan-x86_64/Rlib/3.4/magick/etc/fonts/conf.d/80-delicious.conf", line 5: unknown element "its:translateRule"
    Fontconfig error: "/Volumes/SSD-Data/Builds/R-dev-web/QA/Simon/packages/el-capitan-x86_64/Rlib/3.4/magick/etc/fonts/conf.d/80-delicious.conf", line 5: invalid attribute 'translate'
    Fontconfig error: "/Volumes/SSD-Data/Builds/R-dev-web/QA/Simon/packages/el-capitan-x86_64/Rlib/3.4/magick/etc/fonts/conf.d/80-delicious.conf", line 5: invalid attribute 'selector'
    Fontconfig error: "/Volumes/SSD-Data/Builds/R-dev-web/QA/Simon/packages/el-capitan-x86_64/Rlib/3.4/magick/etc/fonts/conf.d/80-delicious.conf", line 6: invalid attribute 'xmlns:its'
    Fontconfig error: "/Volumes/SSD-Data/Builds/R-dev-web/QA/Simon/packages/el-capitan-x86_64/Rlib/3.4/magick/etc/fonts/conf.d/80-delicious.conf", line 6: invalid attribute 'version'
    Fontconfig warning: "/Volumes/SSD-Data/Builds/R-dev-web/QA/Simon/packages/el-capitan-x86_64/Rlib/3.4/magick/etc/fonts/conf.d/90-synthetic.conf", line 4: unknown element "its:rules"
    Fontconfig warning: "/Volumes/SSD-Data/Builds/R-dev-web/QA/Simon/packages/el-capitan-x86_64/Rlib/3.4/magick/etc/fonts/conf.d/90-synthetic.conf", line 5: unknown element "its:translateRule"
    Fontconfig error: "/Volumes/SSD-Data/Builds/R-dev-web/QA/Simon/packages/el-capitan-x86_64/Rlib/3.4/magick/etc/fonts/conf.d/90-synthetic.conf", line 5: invalid attribute 'translate'
    Fontconfig error: "/Volumes/SSD-Data/Builds/R-dev-web/QA/Simon/packages/el-capitan-x86_64/Rlib/3.4/magick/etc/fonts/conf.d/90-synthetic.conf", line 5: invalid attribute 'selector'
    Fontconfig error: "/Volumes/SSD-Data/Builds/R-dev-web/QA/Simon/packages/el-capitan-x86_64/Rlib/3.4/magick/etc/fonts/conf.d/90-synthetic.conf", line 6: invalid attribute 'xmlns:its'
    Fontconfig error: "/Volumes/SSD-Data/Builds/R-dev-web/QA/Simon/packages/el-capitan-x86_64/Rlib/3.4/magick/etc/fonts/conf.d/90-synthetic.conf", line 6: invalid attribute 'version'
    Fontconfig error: Cannot load default config file
    Quitting from lines 46-49 (layout.Rmd)
    Error: processing vignette 'layout.Rmd' failed with diagnostics:
    `render_flextable` needs to be used as a renderer for a knitr/rmarkdown R code chunk (render by rmarkdown)
    Execution halted
Flavor: r-oldrel-osx-x86_64