Last updated on 2023-12-09 04:50:51 CET.
Flavor | Version | Tinstall | Tcheck | Ttotal | Status | Flags |
---|---|---|---|---|---|---|
r-devel-linux-x86_64-debian-clang | 2.2.2 | 82.79 | 426.65 | 509.44 | NOTE | |
r-devel-linux-x86_64-debian-gcc | 2.2.2 | 57.97 | 319.03 | 377.00 | NOTE | |
r-devel-linux-x86_64-fedora-clang | 2.2.2 | 668.85 | OK | |||
r-devel-linux-x86_64-fedora-gcc | 2.2.2 | 651.35 | OK | |||
r-devel-windows-x86_64 | 2.2.2 | 64.00 | 418.00 | 482.00 | OK | |
r-patched-linux-x86_64 | 2.2.2 | 77.66 | 395.73 | 473.39 | OK | |
r-release-linux-x86_64 | 2.2.2 | 74.71 | 409.39 | 484.10 | OK | |
r-release-macos-arm64 | 2.2.2 | 201.00 | OK | |||
r-release-macos-x86_64 | 2.2.2 | 309.00 | NOTE | |||
r-release-windows-x86_64 | 2.2.2 | 88.00 | 496.00 | 584.00 | OK | |
r-oldrel-macos-arm64 | 2.2.2 | 153.00 | OK | |||
r-oldrel-macos-x86_64 | 2.2.2 | 230.00 | OK | |||
r-oldrel-windows-x86_64 | 2.2.2 | 80.00 | 464.00 | 544.00 | OK |
Version: 2.2.2
Check: Rd files
Result: NOTE
checkRd: (-1) bootci.fmsm.Rd:24: Lost braces
24 | \item{fn}{Function to bootstrap the results of. It must have an argument named `code{x} giving a fitted flexsurv model object. This may return a value with any format, e.g. list, matrix or vector, as long as it can be converted to a numeric vector with \code{unlist}. See the example below.}
| ^
Flavors: r-devel-linux-x86_64-debian-clang, r-devel-linux-x86_64-debian-gcc
Version: 2.2.2
Check: package dependencies
Result: NOTE
Packages suggested but not available for checking:
'flexsurvcure', 'survminer'
Flavor: r-release-macos-x86_64
Version: 2.2.2
Check: re-building of vignette outputs
Result: NOTE
Error(s) in re-building vignettes:
--- re-building ‘standsurv.Rmd’ using rmarkdown
Pandoc is required to build R Markdown vignettes but not available. Please make sure it is installed.
Quitting from lines 85-90 (standsurv.Rmd)
Error: processing vignette 'standsurv.Rmd' failed with diagnostics:
there is no package called 'flexsurvcure'
--- failed re-building ‘standsurv.Rmd’
--- re-building ‘flexsurv.Rnw’ using knitr
--- finished re-building ‘flexsurv.Rnw’
--- re-building ‘multistate.Rnw’ using knitr
--- finished re-building ‘multistate.Rnw’
--- re-building ‘distributions.Rnw’ using Sweave
--- finished re-building ‘distributions.Rnw’
--- re-building ‘flexsurv-examples.Rnw’ using Sweave
Loading required package: survival
Forming integrated rmst function...
Forming integrated mean function...
Loading required package: TH.data
Loading required package: MASS
Attaching package: ‘TH.data’
The following object is masked from ‘package:MASS’:
geyser
--- finished re-building ‘flexsurv-examples.Rnw’
SUMMARY: processing the following file failed:
‘standsurv.Rmd’
Error: Vignette re-building failed.
Execution halted
Flavor: r-release-macos-x86_64