CRAN Package Check Results for Package flexdashboard

Last updated on 2024-02-25 08:53:01 CET.

Flavor Version Tinstall Tcheck Ttotal Status Flags
r-devel-linux-x86_64-debian-clang 0.6.2 4.85 41.53 46.38 NOTE
r-devel-linux-x86_64-debian-gcc 0.6.2 3.05 32.40 35.45 NOTE
r-devel-linux-x86_64-fedora-clang 0.6.2 56.56 OK
r-devel-linux-x86_64-fedora-gcc 0.6.2 57.23 OK
r-devel-windows-x86_64 0.6.2 6.00 59.00 65.00 OK
r-patched-linux-x86_64 0.6.2 3.27 40.21 43.48 OK
r-release-linux-x86_64 0.6.2 4.14 40.51 44.65 OK
r-release-macos-arm64 0.6.2 21.00 OK
r-release-macos-x86_64 0.6.2 31.00 OK
r-release-windows-x86_64 0.6.2 7.00 62.00 69.00 OK
r-oldrel-macos-arm64 0.6.2 35.00 OK
r-oldrel-windows-x86_64 0.6.2 7.00 65.00 72.00 OK

Check Details

Version: 0.6.2
Check: Rd files
Result: NOTE checkRd: (-1) flex_dashboard.Rd:96: Lost braces; missing escapes or markup? 96 | the `{.storyboard}` attribute to individual pages rather than using the | ^ Flavors: r-devel-linux-x86_64-debian-clang, r-devel-linux-x86_64-debian-gcc