CRAN Package Check Results for Package flattabler

Last updated on 2020-10-27 18:51:22 CET.

Flavor Version Tinstall Tcheck Ttotal Status Flags
r-devel-linux-x86_64-debian-clang 1.1.0 3.55 40.23 43.78 OK
r-devel-linux-x86_64-debian-gcc 1.1.0 2.71 31.06 33.77 OK
r-devel-linux-x86_64-fedora-clang 1.1.0 60.30 NOTE
r-devel-linux-x86_64-fedora-gcc 1.1.0 50.63 NOTE
r-devel-windows-ix86+x86_64 1.1.0 7.00 60.00 67.00 OK
r-patched-linux-x86_64 1.1.0 OK
r-patched-solaris-x86 1.1.0 70.00 NOTE
r-release-linux-x86_64 1.1.0 3.52 38.48 42.00 OK
r-release-macos-x86_64 1.1.0 NOTE
r-release-windows-ix86+x86_64 1.1.0 6.00 47.00 53.00 OK
r-oldrel-macos-x86_64 1.1.0 NOTE
r-oldrel-windows-ix86+x86_64 1.1.0 6.00 58.00 64.00 OK

Check Details

Version: 1.1.0
Check: dependencies in R code
Result: NOTE
    Namespace in Imports field not imported from: ‘tidyr’
     All declared Imports should be used.
Flavors: r-devel-linux-x86_64-fedora-clang, r-devel-linux-x86_64-fedora-gcc, r-patched-solaris-x86, r-release-macos-x86_64, r-oldrel-macos-x86_64

Version: 1.1.0
Check: data for non-ASCII characters
Result: NOTE
     Note: found 82 marked UTF-8 strings
Flavors: r-devel-linux-x86_64-fedora-clang, r-devel-linux-x86_64-fedora-gcc, r-patched-solaris-x86, r-release-macos-x86_64, r-oldrel-macos-x86_64